{"id":13079,"date":"2019-08-29T15:01:50","date_gmt":"2019-08-29T13:01:50","guid":{"rendered":"https:\/\/ringuvos-sm.siauliai.lm.lt\/?page_id=13079"},"modified":"2019-08-29T15:01:50","modified_gmt":"2019-08-29T13:01:50","slug":"2018-2019-m-m-foto-archyvas","status":"publish","type":"page","link":"https:\/\/ringuvos-sm.siauliai.lm.lt\/?page_id=13079","title":{"rendered":"2018- 2019 m.m. Foto archyvas"},"content":{"rendered":"\n<h6 class=\"wp-block-heading\"><a href=\"https:\/\/ringuvos-sm.siauliai.lm.lt\/?page_id=12748\">2019 05 08 Respublikinis speciali\u0173j\u0173 ugdymo \u012fstaig\u0173 mokini\u0173 teatr\u0173 festivalis \u201eSaul\u0117s skraist\u0117\u201c<\/a><\/h6>\n\n\n\n<h5 class=\"wp-block-heading\"><a href=\"https:\/\/ringuvos-sm.siauliai.lm.lt\/?page_id=12082\">2018 11 29 Patyriminio ugdymo diena&nbsp;<\/a><\/h5>\n\n\n\n<h5 class=\"wp-block-heading\"><a href=\"https:\/\/ringuvos-sm.siauliai.lm.lt\/?page_id=12030\">2018 11 16 Tolerancijos diena&nbsp;<\/a><\/h5>\n\n\n\n<h5 class=\"wp-block-heading\"><a href=\"https:\/\/ringuvos-sm.siauliai.lm.lt\/?page_id=11929\">2018 10 19 Sveikatingumo diena mokykloje<\/a><\/h5>\n\n\n\n<h5 class=\"wp-block-heading\"><a href=\"https:\/\/ringuvos-sm.siauliai.lm.lt\/?page_id=11863\">2018 10 02 Edukacin\u0117s veiklos Botanikos sode&nbsp;<\/a><\/h5>\n\n\n\n<h5 class=\"wp-block-heading\"><a href=\"https:\/\/ringuvos-sm.siauliai.lm.lt\/?page_id=11784\">2018 09 21 ,,Sensoriniai skaitiniai&#8221; \u0160iauli\u0173 apskrities Povilo Vi\u0161inskio vie\u0161ojoje bibliotekoje<\/a><\/h5>\n","protected":false},"excerpt":{"rendered":"<p>2019 05 08 Respublikinis speciali\u0173j\u0173 ugdymo \u012fstaig\u0173 mokini\u0173 teatr\u0173 festivalis \u201eSaul\u0117s skraist\u0117\u201c 2018 11 29 Patyriminio ugdymo diena&nbsp; 2018 11 16 Tolerancijos diena&nbsp; 2018 10 19 Sveikatingumo diena mokykloje 2018 10 02 Edukacin\u0117s veiklos Botanikos sode&nbsp; 2018 09 21 ,,Sensoriniai &hellip; <a href=\"https:\/\/ringuvos-sm.siauliai.lm.lt\/?page_id=13079\">Continue reading <span class=\"meta-nav\">&rarr;<\/span><\/a><\/p>\n","protected":false},"author":2,"featured_media":0,"parent":0,"menu_order":0,"comment_status":"closed","ping_status":"closed","template":"","meta":{"ngg_post_thumbnail":0,"footnotes":""},"class_list":["post-13079","page","type-page","status-publish","hentry"],"_links":{"self":[{"href":"https:\/\/ringuvos-sm.siauliai.lm.lt\/index.php?rest_route=\/wp\/v2\/pages\/13079","targetHints":{"allow":["GET"]}}],"collection":[{"href":"https:\/\/ringuvos-sm.siauliai.lm.lt\/index.php?rest_route=\/wp\/v2\/pages"}],"about":[{"href":"https:\/\/ringuvos-sm.siauliai.lm.lt\/index.php?rest_route=\/wp\/v2\/types\/page"}],"author":[{"embeddable":true,"href":"https:\/\/ringuvos-sm.siauliai.lm.lt\/index.php?rest_route=\/wp\/v2\/users\/2"}],"replies":[{"embeddable":true,"href":"https:\/\/ringuvos-sm.siauliai.lm.lt\/index.php?rest_route=%2Fwp%2Fv2%2Fcomments&post=13079"}],"version-history":[{"count":1,"href":"https:\/\/ringuvos-sm.siauliai.lm.lt\/index.php?rest_route=\/wp\/v2\/pages\/13079\/revisions"}],"predecessor-version":[{"id":13080,"href":"https:\/\/ringuvos-sm.siauliai.lm.lt\/index.php?rest_route=\/wp\/v2\/pages\/13079\/revisions\/13080"}],"wp:attachment":[{"href":"https:\/\/ringuvos-sm.siauliai.lm.lt\/index.php?rest_route=%2Fwp%2Fv2%2Fmedia&parent=13079"}],"curies":[{"name":"wp","href":"https:\/\/api.w.org\/{rel}","templated":true}]}}