{"id":14384,"date":"2020-03-25T22:34:06","date_gmt":"2020-03-25T20:34:06","guid":{"rendered":"https:\/\/ringuvos-sm.siauliai.lm.lt\/?page_id=14384"},"modified":"2020-04-27T16:11:23","modified_gmt":"2020-04-27T14:11:23","slug":"mokiniams-tevams-globejams-rupintojams","status":"publish","type":"page","link":"https:\/\/ringuvos-sm.siauliai.lm.lt\/?page_id=14384","title":{"rendered":"MOKINIAMS, T\u0116VAMS, GLOB\u0116JAMS, R\u016aPINTOJAMS"},"content":{"rendered":"<h6><\/h6>\n<h5><strong><span style=\"color: #000000;\">Svarbi informacija d\u0117l mokini\u0173 prie\u017ei\u016bros <span style=\"color: #008000;\"><a style=\"color: #008000;\" href=\"https:\/\/ringuvos-sm.siauliai.lm.lt\/wp-content\/uploads\/2020\/04\/Isakymas_del_pavedimo_istaigu_vadovams04-27.docx.pdf\">pdf\u00a0<\/a><\/span><\/span><\/strong><\/h5>\n<hr \/>\n<h5><\/h5>\n<h6><span style=\"color: #000000;\">MIELI MOKINIAI, T\u0116VAI, GLOB\u0116JAI, R\u016aPINTOJAI,<\/span><\/h6>\n<h6><span style=\"color: #000000;\">SUPA\u017dINDINAME JUS, KAIP BUS ORGANIZUOJAMAS UGDYMO PROCESAS KARANTINO METU<\/span><\/h6>\n<h6><span style=\"color: #000000;\">Nuo 2020 m. kovo 30 d. ugdymas bus organizuojamas vadovaujantis Nuotolinio mokymo(si) tvarkos apra\u0161u, patvirtintu 2020 m. kovo 24 d. \u0160iauli\u0173 ,,Ringuvos\u2018\u2018 mokyklos direktoriaus \u012fsakymu.<\/span><\/h6>\n<h6><span style=\"color: #000000;\">U\u017dDUO\u010cI\u0172 PATEIKIMAS<\/span><\/h6>\n<h6><span style=\"color: #000000;\">Mokytojai parengs individualias mokymo(si) u\u017eduotis kiekvienam mokiniui ir pateiks per TAMO dienyn\u0105. Prane\u0161ime bus nurodyti i\u0161sam\u016bs paai\u0161kinimai, konkret\u016bs nurodymai, u\u017eduo\u010di\u0173 atlikimo laikas ir terminai.<\/span><\/h6>\n<h6><span style=\"color: #000000;\">SINCHRONIN\u0116S KONSULTACIJOS<\/span><\/h6>\n<h6><span style=\"color: #000000;\">Sinchroninis mokymasis \u2013 mokiniai ir mokytojas bendrauja per atstum\u0105, ta\u010diau tuo pa\u010diu metu naudojant nuotolinio bendravimo\u00a0 priemones (Messenger, telefonin\u012f pokalb\u012f ir kt.). Mokytojai organizuos atskir\u0173 dalyk\u0173, klasi\u0173 valand\u0117li\u0173, logopedini\u0173 pratyb\u0173, neformaliojo \u0161vietimo u\u017esi\u0117mim\u0173 sinchronines konsultacijas pagal nuotolinio mokymo konsultacij\u0173 tvarkara\u0161\u010dius. Tvarkara\u0161\u010diai bus nusi\u0173sti kiekvienam mokiniui asmeni\u0161kai per TAMO dienyn\u0105. Konsultacij\u0173 metu mokytojai informuos, paai\u0161kins kaip ir koki\u0173 priemoni\u0173 pagalba atlikti skirtas u\u017eduotis.<\/span><\/h6>\n<h6><span style=\"color: #000000;\">KUR KREIPTIS PAGALBOS<\/span><\/h6>\n<h6><span style=\"color: #000000;\">Jei kyla problem\u0173 d\u0117l prisijungimo prie TAMO dienyno, mokymosi aplink\u0173 galite kreiptis \u012f klas\u0117s vadov\u0105 arba \u012f \u0160iauli\u0173 ,, Ringuvos\u2018\u2018 mokyklos skaitmenini\u0173 technologij\u0173 administrator\u0119 Rit\u0105 \u0160imon\u0117lien\u0119 e. pa\u0161tu <a style=\"color: #000000;\" href=\"mailto:rita.simoneliene@ringuvos-sm.siauliai.lm.lt\"><span style=\"color: #000080;\">rita.simoneliene@ringuvos-sm.siauliai.lm.lt<\/span><\/a>, tel. Nr.868467385.<\/span><\/h6>\n<h6><span style=\"color: #000000;\">Jei mokinys serga, pra\u0161ome informuoti klas\u0117s vadov\u0105 telefonu arba prane\u0161imu per TAMO dienyn\u0105.<\/span><\/h6>\n<h6><span style=\"color: #000000;\">D\u0117l socialini\u0173 problem\u0173 kreiptis \u012f mokyklos socialin\u0119 pedagog\u0119 Jurgit\u0105 Kazi\u016bnien\u0119 e. pa\u0161tu<span style=\"color: #000080;\"> <a style=\"color: #000080;\" href=\"mailto:jurgita.kaziuniene@ringuvos-sm.siauliai.lm.lt\">jurgita.kaziuniene@ringuvos-sm.siauliai.lm.lt<\/a><\/span><\/span><\/h6>\n<h6><span style=\"color: #000000;\">D\u0117l formaliojo ugdymo proceso organizavimo kreiptis \u012f direktoriaus pavaduotoj\u0105 ugdymui Salvinij\u0105 \u017dukien\u0119 e. pa\u0161tu <a style=\"color: #000000;\" href=\"mailto:salvinija.zukiene@ringuvos-sm.siauliai.lm.lt\"><span style=\"color: #000080;\">salvinija.zukiene@ringuvos-sm.siauliai.lm.lt<\/span><\/a>, d\u0117l neformaliojo ugdymo, aukl\u0117jamojo darbo organizavimo \u2013 \u012f direktoriaus pavaduotoj\u0105 ugdymui Rom\u0105 Rimkevi\u010dien\u0119 e. pa\u0161tu<span style=\"color: #000080;\"> <a style=\"color: #000080;\" href=\"mailto:roma.rimkeviciene@ringuvos-sm.siauliai.lm.lt\">roma.rimkeviciene@ringuvos-sm.siauliai.lm.lt<\/a>.<\/span><\/span><\/h6>\n<h6><span style=\"color: #000000;\">Mokymasis nuotoliniu b\u016bdu \u2013 i\u0161\u0161\u016bkis mums visiems, tod\u0117l b\u016bkime kantr\u016bs, stipr\u016bs ir sveiki!<\/span><\/h6>\n<h6><span style=\"color: #000000;\">\u0160iauli\u0173 ,, Ringuvos\u2018\u2018 mokyklos bendruomen\u0117s vardu direktor\u0117 Lijana Giedraitien\u0117<\/span><\/h6>\n<h5><span style=\"color: #008000;\"><a style=\"color: #008000;\" href=\"https:\/\/ringuvos-sm.siauliai.lm.lt\/?page_id=14364\">Gr\u012f\u017eti<\/a><\/span><\/h5>\n<hr \/>\n<h5><span style=\"color: #000000;\">Sveikatos apsaugos ministerijos rekomendacijos t\u0117vams\u00a0kaip bendrauti su vaikais apie Covid-19\u00a0 <span style=\"color: #008000;\"><a style=\"color: #008000;\" href=\"https:\/\/ringuvos-sm.siauliai.lm.lt\/wp-content\/uploads\/2020\/04\/T\u0117vams-_1.doc\">doc\u00a0<\/a><\/span><\/span><\/h5>\n<hr \/>\n<hr \/>\n<h4><span style=\"color: #008000;\"><span style=\"color: #000000;\">Masi\u0161kiausia pasaulyje nuotolin\u0117 fizinio ugdymo pamoka<\/span>\u00a0<a style=\"color: #008000;\" href=\"https:\/\/www.lsu.lt\/lsu-kviecia-jungtis-masiskiausia-pasaulyje-nuotoline-fizinio-ugdymo-pamoka\/\">\u010dia<\/a><\/span><\/h4>\n<hr \/>\n<h4><\/h4>\n<h4><span style=\"color: #000000;\"><span style=\"color: #008000;\">Nuotolinio mokymo sinchronini\u0173 konsultacij\u0173 tvarkara\u0161\u010diai<\/span>\u00a0<\/span><\/h4>\n<h5><span style=\"color: #000000;\">2 specialioji\u00a0 klas\u0117 <span style=\"color: #008000;\"><a style=\"color: #008000;\" href=\"https:\/\/ringuvos-sm.siauliai.lm.lt\/wp-content\/uploads\/2020\/04\/2-special.-GERAS-nuotolinio-mokymo-tvarkara\u0161tis-.docx\">doc\u00a0<\/a><\/span><\/span><\/h5>\n<h5><span style=\"color: #000000;\">3- 4 lavinamoji klas\u0117 <span style=\"color: #008000;\"><a style=\"color: #008000;\" href=\"https:\/\/ringuvos-sm.siauliai.lm.lt\/wp-content\/uploads\/2020\/04\/3-4-lav-nuotolinio-mokymo-tvarkara\u0161tis.docx\">doc\u00a0<\/a><\/span><\/span><\/h5>\n<h5><span style=\"color: #000000;\">4a- 5 lavinamoji klas\u0117 <span style=\"color: #008000;\"><a style=\"color: #008000;\" href=\"https:\/\/ringuvos-sm.siauliai.lm.lt\/wp-content\/uploads\/2020\/04\/4a-5-lav-nuotolinio-mokymo-tvarkara\u0161tis.docx\">doc\u00a0<\/a><\/span><\/span><\/h5>\n<h5><span style=\"color: #000000;\">6- 7 lavinamoji klas\u0117 <span style=\"color: #008000;\"><a style=\"color: #008000;\" href=\"https:\/\/ringuvos-sm.siauliai.lm.lt\/wp-content\/uploads\/2020\/04\/6-7-lav-klas\u0117s-nuot.darbo-tvark..docx\">doc\u00a0<\/a><\/span><\/span><\/h5>\n<h5><span style=\"color: #000000;\">8\u00a0 lavinamoji klas\u0117\u00a0 <span style=\"color: #008000;\"><a style=\"color: #008000;\" href=\"https:\/\/ringuvos-sm.siauliai.lm.lt\/wp-content\/uploads\/2020\/04\/8-lav-klases-nuotolinio-mokymosi-konsultaciju-tvarkarastis-1.doc\">doc\u00a0<\/a><\/span><\/span><\/h5>\n<h5><span style=\"color: #000000;\">9- 10\u00a0 lavinamoji klas\u0117 <span style=\"color: #008000;\"><a style=\"color: #008000;\" href=\"https:\/\/ringuvos-sm.siauliai.lm.lt\/wp-content\/uploads\/2020\/04\/9-10-lavinamoji-klas\u0117-pamoku-tvarkarastis.docx\">doc\u00a0<\/a><\/span><\/span><\/h5>\n<h5><span style=\"color: #000000;\">Socialini\u0173 \u012fg\u016bd\u017ei\u0173 ugdymo\u00a0klas\u0117 Nr.1 (III) <span style=\"color: #008000;\"><a style=\"color: #008000;\" href=\"https:\/\/ringuvos-sm.siauliai.lm.lt\/wp-content\/uploads\/2020\/04\/S\u012eUK-Nr.1-nuotolinis-naujas.docx\">doc\u00a0<\/a><\/span><\/span><\/h5>\n<h5><span style=\"color: #000000;\">Socialini\u0173 \u012fg\u016bd\u017ei\u0173 ugdymo\u00a0klas\u0117 Nr.2 (III) <span style=\"color: #008000;\"><a style=\"color: #008000;\" href=\"https:\/\/ringuvos-sm.siauliai.lm.lt\/wp-content\/uploads\/2020\/04\/SIUK-Nr.2-nuotolinio-mokymo-tvarkara\u0161tis.docx\">doc\u00a0<\/a><\/span><\/span><\/h5>\n<h5><span style=\"color: #000000;\">Socialini\u0173 \u012fg\u016bd\u017ei\u0173 ugdymo\u00a0klas\u0117 Nr. 3 (I- II) <span style=\"color: #008000;\"><a style=\"color: #008000;\" href=\"https:\/\/ringuvos-sm.siauliai.lm.lt\/wp-content\/uploads\/2020\/04\/S\u012eUK-Nr.3-nuotolinis.docx\">doc\u00a0<\/a><\/span><\/span><\/h5>\n<h5><span style=\"color: #000000;\">3-4 specialioji klas\u0117<span style=\"color: #008000;\"><a style=\"color: #008000;\" href=\"https:\/\/ringuvos-sm.siauliai.lm.lt\/wp-content\/uploads\/2020\/04\/3-4-spec.-Nuotolinio-mokymo-tvarkara\u0161tis.docx\"> doc\u00a0<\/a><\/span><\/span><\/h5>\n<h5><span style=\"color: #000000;\">5a- specialioji klas\u0117 <span style=\"color: #008000;\"><a style=\"color: #008000;\" href=\"https:\/\/ringuvos-sm.siauliai.lm.lt\/wp-content\/uploads\/2020\/04\/5-a-klase-nuotolinio-mokymo-tvarkara\u0161tis.docx\">doc\u00a0<\/a><\/span><\/span><\/h5>\n<h5><span style=\"color: #000000;\">5- 6 specialioji klas\u0117 <span style=\"color: #008000;\"><a style=\"color: #008000;\" href=\"https:\/\/ringuvos-sm.siauliai.lm.lt\/wp-content\/uploads\/2020\/04\/5-6-specialioji-nuotolinis.docx\">doc\u00a0<\/a><\/span><\/span><\/h5>\n<h5><span style=\"color: #000000;\">7- 8\u00a0 specialioji klas\u0117\u00a0<a href=\"https:\/\/ringuvos-sm.siauliai.lm.lt\/wp-content\/uploads\/2020\/04\/7-8-kl.-spec.-nuotolinio-mokymo-tvarkara\u0161tis-2-4.docx\"><span style=\"color: #008000;\"> doc\u00a0<\/span><\/a><\/span><\/h5>\n<h5><span style=\"color: #000000;\">9- 10 specialioji klas\u0117\u00a0<a href=\"https:\/\/ringuvos-sm.siauliai.lm.lt\/wp-content\/uploads\/2020\/04\/9-10-spec.-nuotolinio-mokymo-tvarkara\u0161tis-1.doc\"><span style=\"color: #008000;\"> doc\u00a0<\/span><\/a><\/span><\/h5>\n<h5><a href=\"https:\/\/ringuvos-sm.siauliai.lm.lt\/?page_id=14364\"><span style=\"color: #008000;\">Gr\u012f\u017eti\u00a0<\/span><\/a><\/h5>\n","protected":false},"excerpt":{"rendered":"<p>Svarbi informacija d\u0117l mokini\u0173 prie\u017ei\u016bros pdf\u00a0 MIELI MOKINIAI, T\u0116VAI, GLOB\u0116JAI, R\u016aPINTOJAI, SUPA\u017dINDINAME JUS, KAIP BUS ORGANIZUOJAMAS UGDYMO PROCESAS KARANTINO METU Nuo 2020 m. kovo 30 d. ugdymas bus organizuojamas vadovaujantis Nuotolinio mokymo(si) tvarkos apra\u0161u, patvirtintu 2020 m. kovo 24 d. &hellip; <a href=\"https:\/\/ringuvos-sm.siauliai.lm.lt\/?page_id=14384\">Continue reading <span class=\"meta-nav\">&rarr;<\/span><\/a><\/p>\n","protected":false},"author":2,"featured_media":0,"parent":0,"menu_order":0,"comment_status":"closed","ping_status":"closed","template":"","meta":{"ngg_post_thumbnail":0,"footnotes":""},"class_list":["post-14384","page","type-page","status-publish","hentry"],"_links":{"self":[{"href":"https:\/\/ringuvos-sm.siauliai.lm.lt\/index.php?rest_route=\/wp\/v2\/pages\/14384","targetHints":{"allow":["GET"]}}],"collection":[{"href":"https:\/\/ringuvos-sm.siauliai.lm.lt\/index.php?rest_route=\/wp\/v2\/pages"}],"about":[{"href":"https:\/\/ringuvos-sm.siauliai.lm.lt\/index.php?rest_route=\/wp\/v2\/types\/page"}],"author":[{"embeddable":true,"href":"https:\/\/ringuvos-sm.siauliai.lm.lt\/index.php?rest_route=\/wp\/v2\/users\/2"}],"replies":[{"embeddable":true,"href":"https:\/\/ringuvos-sm.siauliai.lm.lt\/index.php?rest_route=%2Fwp%2Fv2%2Fcomments&post=14384"}],"version-history":[{"count":30,"href":"https:\/\/ringuvos-sm.siauliai.lm.lt\/index.php?rest_route=\/wp\/v2\/pages\/14384\/revisions"}],"predecessor-version":[{"id":14631,"href":"https:\/\/ringuvos-sm.siauliai.lm.lt\/index.php?rest_route=\/wp\/v2\/pages\/14384\/revisions\/14631"}],"wp:attachment":[{"href":"https:\/\/ringuvos-sm.siauliai.lm.lt\/index.php?rest_route=%2Fwp%2Fv2%2Fmedia&parent=14384"}],"curies":[{"name":"wp","href":"https:\/\/api.w.org\/{rel}","templated":true}]}}