{"id":14388,"date":"2020-03-25T22:34:59","date_gmt":"2020-03-25T20:34:59","guid":{"rendered":"https:\/\/ringuvos-sm.siauliai.lm.lt\/?page_id=14388"},"modified":"2020-04-22T16:54:18","modified_gmt":"2020-04-22T14:54:18","slug":"mokytojams-aukletojams-pagalbos-mokiniui-specialistams","status":"publish","type":"page","link":"https:\/\/ringuvos-sm.siauliai.lm.lt\/?page_id=14388","title":{"rendered":"MOKYTOJAMS, AUKL\u0116TOJAMS, PAGALBOS MOKINIUI SPECIALISTAMS"},"content":{"rendered":"<h6><span style=\"color: #008000;\">Rekomendacijos ugdymo orgnizavimui<\/span><\/h6>\n<h6><span style=\"color: #000000;\"><a style=\"color: #000000;\" href=\"https:\/\/ringuvos-sm.siauliai.lm.lt\/wp-content\/uploads\/2020\/03\/skaitmenine_s-priemone_s-nuotoliniam-mokymui.xlsx\">Skaitmenin\u0117s priemon\u0117s nuotoliniam mokymui\u00a0 <span style=\"color: #008000;\">\u00a0exl\u00a0<\/span><\/a><\/span><\/h6>\n<h6><a href=\"https:\/\/ringuvos-sm.siauliai.lm.lt\/wp-content\/uploads\/2020\/03\/Skaitmenin\u0117s-priemon\u0117s_spec.-ugdymosi-poreiki\u0173-mokiniams_s\u0105ra\u0161as.pdf\"><span style=\"color: #000000;\">Skaitmenin\u0117s priemon\u0117s speciali\u0173j\u0173\u00a0 ugdymosi poreiki\u0173 mokiniams\u00a0 <span style=\"color: #008000;\">pdf<\/span><\/span><\/a><\/h6>\n<h6><a href=\"https:\/\/ringuvos-sm.siauliai.lm.lt\/wp-content\/uploads\/2020\/03\/skaitmenines-priemones-2020-03-25.pdf\"><span style=\"color: #000000;\">Skaitmenin\u0117s priemon\u0117s nuotoliniam mokymui (N\u0160A)\u00a0<span style=\"color: #008000;\">pdf<\/span><\/span><\/a><\/h6>\n<hr \/>\n<h6>\u00a0 \u00a0 \u00a0 \u00a0L<span style=\"color: #000000;\">yti\u0161kumo ugdymas\u00a0<span style=\"color: #008000;\">\u00a0<a style=\"color: #008000;\" href=\"https:\/\/ringuvos-sm.siauliai.lm.lt\/wp-content\/uploads\/2020\/04\/Lyti%C5%A1kumo-ugdymas-audio.pptx.pdf\">pdf\u00a0<\/a>\u00a0<\/span>\u00a0\u00a0\u00a0\u00a0<\/span><\/h6>\n<h6><span style=\"color: #000000;\"><a style=\"color: #000000;\" href=\"https:\/\/ringuvos-sm.siauliai.lm.lt\/wp-content\/uploads\/2020\/04\/Lyti%C5%A1kumo-ugdymas-audio.pptx\"><span style=\"color: #008000;\">PowerPoint\u00a0<\/span> (su galimybe klausyti<img loading=\"lazy\" decoding=\"async\" class=\"alignleft  wp-image-14561\" src=\"https:\/\/ringuvos-sm.siauliai.lm.lt\/wp-content\/uploads\/2020\/04\/mikrof.png\" alt=\"\" width=\"19\" height=\"19\" \/>s)\u00a0\u00a0<\/a><\/span><\/h6>\n<h6><span style=\"color: #000000;\">Sveikas maistas- kokia jo nauda m\u016bs\u0173 sveikatai\u00a0<\/span><\/h6>\n<h6><span style=\"color: #000000;\">\u00a0<a style=\"color: #000000;\" href=\"https:\/\/ringuvos-sm.siauliai.lm.lt\/wp-content\/uploads\/2020\/04\/Mityba-su-audio-1.pptx\"><span style=\"color: #008000;\">PowerPoint\u00a0<\/span><\/a>\u00a0(su galimybe klausytis<a style=\"color: #000000;\" href=\"https:\/\/ringuvos-sm.siauliai.lm.lt\/wp-content\/uploads\/2020\/04\/Mityba-su-audio-1.pptx\"><img loading=\"lazy\" decoding=\"async\" class=\"alignleft  wp-image-14561\" src=\"https:\/\/ringuvos-sm.siauliai.lm.lt\/wp-content\/uploads\/2020\/04\/mikrof.png\" alt=\"\" width=\"17\" height=\"17\" \/><\/a>\u00a0)\u00a0<\/span><\/h6>\n<h6><span style=\"color: #000000;\">U\u017eduotys pradinukams<span style=\"color: #008000;\"><a style=\"color: #008000;\" href=\"https:\/\/ringuvos-sm.siauliai.lm.lt\/wp-content\/uploads\/2020\/04\/U%C5%BEduotys-pradinukams.docx\">\u00a0doc<\/a><\/span><\/span><\/h6>\n<h6><span style=\"color: #000000;\">U\u017eduotys\u00a0<span style=\"color: #008000;\"><a style=\"color: #008000;\" href=\"https:\/\/ringuvos-sm.siauliai.lm.lt\/wp-content\/uploads\/2020\/04\/U%C5%BEduotys.docx\">doc<\/a><\/span><\/span><\/h6>\n<hr \/>\n<p>\u00a0<\/p>\n<h5><span style=\"color: #008000;\"><a style=\"color: #008000;\" href=\"https:\/\/ringuvos-sm.siauliai.lm.lt\/?page_id=14364\">Gr\u012f\u017eti\u00a0\u00a0<\/a><\/span><\/h5>\n\n\n<p><\/p>\n","protected":false},"excerpt":{"rendered":"<p>Rekomendacijos ugdymo orgnizavimui Skaitmenin\u0117s priemon\u0117s nuotoliniam mokymui\u00a0 \u00a0exl\u00a0 Skaitmenin\u0117s priemon\u0117s speciali\u0173j\u0173\u00a0 ugdymosi poreiki\u0173 mokiniams\u00a0 pdf Skaitmenin\u0117s priemon\u0117s nuotoliniam mokymui (N\u0160A)\u00a0pdf \u00a0 \u00a0 \u00a0 \u00a0Lyti\u0161kumo ugdymas\u00a0\u00a0pdf\u00a0\u00a0\u00a0\u00a0\u00a0\u00a0 PowerPoint\u00a0 (su galimybe klausytis)\u00a0\u00a0 Sveikas maistas- kokia jo nauda m\u016bs\u0173 sveikatai\u00a0 \u00a0PowerPoint\u00a0\u00a0(su galimybe klausytis\u00a0)\u00a0 U\u017eduotys &hellip; <a href=\"https:\/\/ringuvos-sm.siauliai.lm.lt\/?page_id=14388\">Continue reading <span class=\"meta-nav\">&rarr;<\/span><\/a><\/p>\n","protected":false},"author":2,"featured_media":0,"parent":0,"menu_order":0,"comment_status":"closed","ping_status":"closed","template":"","meta":{"ngg_post_thumbnail":0,"footnotes":""},"class_list":["post-14388","page","type-page","status-publish","hentry"],"_links":{"self":[{"href":"https:\/\/ringuvos-sm.siauliai.lm.lt\/index.php?rest_route=\/wp\/v2\/pages\/14388","targetHints":{"allow":["GET"]}}],"collection":[{"href":"https:\/\/ringuvos-sm.siauliai.lm.lt\/index.php?rest_route=\/wp\/v2\/pages"}],"about":[{"href":"https:\/\/ringuvos-sm.siauliai.lm.lt\/index.php?rest_route=\/wp\/v2\/types\/page"}],"author":[{"embeddable":true,"href":"https:\/\/ringuvos-sm.siauliai.lm.lt\/index.php?rest_route=\/wp\/v2\/users\/2"}],"replies":[{"embeddable":true,"href":"https:\/\/ringuvos-sm.siauliai.lm.lt\/index.php?rest_route=%2Fwp%2Fv2%2Fcomments&post=14388"}],"version-history":[{"count":18,"href":"https:\/\/ringuvos-sm.siauliai.lm.lt\/index.php?rest_route=\/wp\/v2\/pages\/14388\/revisions"}],"predecessor-version":[{"id":14606,"href":"https:\/\/ringuvos-sm.siauliai.lm.lt\/index.php?rest_route=\/wp\/v2\/pages\/14388\/revisions\/14606"}],"wp:attachment":[{"href":"https:\/\/ringuvos-sm.siauliai.lm.lt\/index.php?rest_route=%2Fwp%2Fv2%2Fmedia&parent=14388"}],"curies":[{"name":"wp","href":"https:\/\/api.w.org\/{rel}","templated":true}]}}