{"id":15422,"date":"2020-10-14T16:52:46","date_gmt":"2020-10-14T14:52:46","guid":{"rendered":"https:\/\/ringuvos-sm.siauliai.lm.lt\/?page_id=15422"},"modified":"2021-03-03T19:54:53","modified_gmt":"2021-03-03T17:54:53","slug":"2020-10-14-svarbiausia-informacija-apie-koronavirusa","status":"publish","type":"page","link":"https:\/\/ringuvos-sm.siauliai.lm.lt\/?page_id=15422","title":{"rendered":"Svarbiausia informacija apie koronavirus\u0105"},"content":{"rendered":"<h5>&nbsp;<\/h5>\n<h5><span style=\"color: #000000;\"><strong>VISA aktuali informacija apie situacij\u0105&nbsp; \u0160IAULIUOSE&nbsp; &nbsp; <span style=\"color: #008000;\"><a style=\"color: #008000;\" href=\"https:\/\/www.siauliai.lt\/index.php?1561340950\">\u010cIA&nbsp;<\/a><\/span><\/strong><\/span><\/h5>\n<p>&nbsp;<\/p>\n<h4><span style=\"color: #008000;\"><a style=\"color: #008000;\" href=\"https:\/\/ringuvos-sm.siauliai.lm.lt\/wp-content\/uploads\/2020\/11\/2020-11-17-laiskas.docx\"><strong data-rich-text-format-boundary=\"true\">Spausti \u010cIA<\/strong><\/a><\/span><\/h4>\n<h5><span style=\"color: #000000;\"><strong>Namuose ar kitoje gyvenamojoje vietoje izoliuoto asmens, \u012ftariamo, kad serga Covid-19 liga (koronaviruso infekcija), ir asmens, tur\u0117jusio s\u0105lyt\u012f, <span style=\"color: #008000;\"><a style=\"color: #008000;\" href=\"https:\/\/ringuvos-sm.siauliai.lm.lt\/wp-content\/uploads\/2020\/11\/ATMINTINE.docx\">atmintin\u0117 \u010cIA<\/a><\/span><\/strong><\/span><\/h5>\n<h5>&nbsp;<\/h5>\n<h5><a href=\"https:\/\/nvsc.lrv.lt\/lt\/\"><img loading=\"lazy\" decoding=\"async\" class=\"alignleft  wp-image-15426\" src=\"https:\/\/ringuvos-sm.siauliai.lm.lt\/wp-content\/uploads\/2020\/10\/5024_27771ca6f443b2bc3dd85803f75aacf0-800x503.png\" alt=\"\" width=\"229\" height=\"144\"><\/a><\/h5>\n<h5>&nbsp;<\/h5>\n<h5><span style=\"color: #000000;\">Visa informacija apie koronavirus\u0105 \u2013 vienoje vietoje&nbsp; <span style=\"color: #008000;\"><a style=\"color: #008000;\" href=\"https:\/\/nvsc.lrv.lt\/lt\/\">\u010cIA&nbsp;<\/a><\/span><\/span><\/h5>\n<p>&nbsp;<\/p>\n<h5>&nbsp; &nbsp; &nbsp;&nbsp;<a href=\"http:\/\/www.sveikatos-biuras.lt\/koronavirusas-121\"><img loading=\"lazy\" decoding=\"async\" class=\"alignleft  wp-image-15430\" src=\"https:\/\/ringuvos-sm.siauliai.lm.lt\/wp-content\/uploads\/2020\/10\/atsisi\u0173sti.jpg\" alt=\"\" width=\"201\" height=\"141\"><\/a><\/h5>\n<h5><span style=\"font-size: 1em;\">Apie&nbsp; koronavirus\u0105&nbsp; \u0160iauliuose&nbsp;<\/span><span style=\"color: #008000;\"><a style=\"font-size: 1em; color: #008000;\" href=\"http:\/\/www.sveikatos-biuras.lt\/koronavirusas-121\"> \u010cIA&nbsp;&nbsp;<\/a><\/span><\/h5>\n<p>&nbsp;<\/p>\n<p>&nbsp;<\/p>\n<p><img loading=\"lazy\" decoding=\"async\" class=\"alignleft  wp-image-15573\" src=\"https:\/\/ringuvos-sm.siauliai.lm.lt\/wp-content\/uploads\/2020\/10\/coronastop-og-share-lt.png\" alt=\"\" width=\"174\" height=\"100\" srcset=\"https:\/\/ringuvos-sm.siauliai.lm.lt\/wp-content\/uploads\/2020\/10\/coronastop-og-share-lt.png 314w, https:\/\/ringuvos-sm.siauliai.lm.lt\/wp-content\/uploads\/2020\/10\/coronastop-og-share-lt-300x173.png 300w\" sizes=\"auto, (max-width: 174px) 100vw, 174px\" \/><\/p>\n<h6><span style=\"color: #000000;\">Svarbiausia informacija apie koronavirus\u0105 <span style=\"color: #008000;\"><a style=\"color: #008000;\" href=\"https:\/\/koronastop.lrv.lt\/\">\u010cIA<\/a><\/span>&nbsp;<\/span><\/h6>\n<p>&nbsp;<\/p>\n<p>&nbsp;<\/p>\n<ul>\n<li>\n<h5>Nacionalinio visuomen\u0117s sveikatos centro (NVSC)&nbsp; algoritmai, kaip elgtis, jei ugdymo \u012fstaigos darbuotojas ar mokinys susirgo COVID-19 liga&nbsp; <span style=\"color: #008000;\">&nbsp;<a style=\"color: #008000;\" href=\"https:\/\/ringuvos-sm.siauliai.lm.lt\/wp-content\/uploads\/2020\/10\/NVSC-Algoritmai.pdf\">\u010cIA&nbsp;<\/a><\/span><\/h5>\n<\/li>\n<li>\n<h5>Informacija t\u0117vams\/glob\u0117jams\/r\u016bpintojams&nbsp; <span style=\"color: #008000;\"><a style=\"color: #008000;\" href=\"https:\/\/ringuvos-sm.siauliai.lm.lt\/wp-content\/uploads\/2020\/10\/PLAKATAS_Skirk_man_laiko_pasveikti-1.png\">\u010cIA&nbsp;<\/a><\/span><\/h5>\n<\/li>\n<li>\n<h5>Rekomendacijos ir reikalavimai \u0161vietimo \u012fstaigoms d\u0117l covid-19 prevencijos&nbsp;<a href=\"https:\/\/www.facebook.com\/%C5%A0iauli%C5%B3-Ringuvos-mokykla-1674961069459011\/photos\/pcb.2692430364378738\/2692429894378785\"><span style=\"color: #008000;\"> \u010cIA&nbsp;&nbsp;<\/span><\/a><\/h5>\n<\/li>\n<li>\n<h5>LIETUVOS RESPUBLIKOS SVEIKATOS APSAUGOS MINISTRAS&nbsp;\u2013VALSTYB\u0116S LYGIO EKSTREMALIOSIOS SITUACIJOS VALSTYB\u0116S OPERACIJ\u0172 VADOVAS<\/h5>\n<h5>SPRENDIMAS ,,D\u0116L PAGRINDINIO IR VIDURINIO UGDYMO ORGANIZAVIMO B\u016aTIN\u0172 S\u0104LYG\u0172\u201c 2020 m. lapkri\u010dio 6 d. Nr. V-2545<span style=\"color: #008000;\">&nbsp; <a style=\"color: #008000;\" href=\"https:\/\/ringuvos-sm.siauliai.lm.lt\/wp-content\/uploads\/2020\/11\/V-2545.pdf\">&nbsp;\u010cIA&nbsp;<\/a><\/span><\/h5>\n<\/li>\n<\/ul>\n\n\n<p><\/p>\n","protected":false},"excerpt":{"rendered":"<p>&nbsp; VISA aktuali informacija apie situacij\u0105&nbsp; \u0160IAULIUOSE&nbsp; &nbsp; \u010cIA&nbsp; &nbsp; Spausti \u010cIA Namuose ar kitoje gyvenamojoje vietoje izoliuoto asmens, \u012ftariamo, kad serga Covid-19 liga (koronaviruso infekcija), ir asmens, tur\u0117jusio s\u0105lyt\u012f, atmintin\u0117 \u010cIA &nbsp; &nbsp; Visa informacija apie koronavirus\u0105 \u2013 vienoje &hellip; <a href=\"https:\/\/ringuvos-sm.siauliai.lm.lt\/?page_id=15422\">Continue reading <span class=\"meta-nav\">&rarr;<\/span><\/a><\/p>\n","protected":false},"author":2,"featured_media":0,"parent":0,"menu_order":0,"comment_status":"closed","ping_status":"closed","template":"","meta":{"ngg_post_thumbnail":0,"footnotes":""},"class_list":["post-15422","page","type-page","status-publish","hentry"],"_links":{"self":[{"href":"https:\/\/ringuvos-sm.siauliai.lm.lt\/index.php?rest_route=\/wp\/v2\/pages\/15422","targetHints":{"allow":["GET"]}}],"collection":[{"href":"https:\/\/ringuvos-sm.siauliai.lm.lt\/index.php?rest_route=\/wp\/v2\/pages"}],"about":[{"href":"https:\/\/ringuvos-sm.siauliai.lm.lt\/index.php?rest_route=\/wp\/v2\/types\/page"}],"author":[{"embeddable":true,"href":"https:\/\/ringuvos-sm.siauliai.lm.lt\/index.php?rest_route=\/wp\/v2\/users\/2"}],"replies":[{"embeddable":true,"href":"https:\/\/ringuvos-sm.siauliai.lm.lt\/index.php?rest_route=%2Fwp%2Fv2%2Fcomments&post=15422"}],"version-history":[{"count":19,"href":"https:\/\/ringuvos-sm.siauliai.lm.lt\/index.php?rest_route=\/wp\/v2\/pages\/15422\/revisions"}],"predecessor-version":[{"id":16932,"href":"https:\/\/ringuvos-sm.siauliai.lm.lt\/index.php?rest_route=\/wp\/v2\/pages\/15422\/revisions\/16932"}],"wp:attachment":[{"href":"https:\/\/ringuvos-sm.siauliai.lm.lt\/index.php?rest_route=%2Fwp%2Fv2%2Fmedia&parent=15422"}],"curies":[{"name":"wp","href":"https:\/\/api.w.org\/{rel}","templated":true}]}}