{"id":19247,"date":"2023-04-21T12:37:38","date_gmt":"2023-04-21T10:37:38","guid":{"rendered":"https:\/\/ringuvos-sm.siauliai.lm.lt\/?page_id=19247"},"modified":"2023-04-21T20:59:21","modified_gmt":"2023-04-21T18:59:21","slug":"vykusiu-renginiu-sklaida","status":"publish","type":"page","link":"https:\/\/ringuvos-sm.siauliai.lm.lt\/?page_id=19247","title":{"rendered":"Vykusi\u0173 rengini\u0173\u00a0 sklaida\u00a0"},"content":{"rendered":"<ul>\n<li>\n<h6><span style=\"color: #008000;\">Mokyklos direktor\u0117s L.Giedraitien\u0117s prane\u0161imas ,, UTA \u0160iauli\u0173 \u201cRinguvos\u201d mokyklos ir \u0160iauli\u0173 sanatorin\u0117s mokyklos veiklos\u2018\u2018<\/span><\/h6>\n<\/li>\n<li>\n<h6><span style=\"color: #008000;\">2022 lapkritis- 2023 sausis. Kvalifikacijos k\u0117limo seminarai ,,Ugdymo turinio vizualizacija\u2018\u2018 (darbas su CANVA programa)<\/span><\/h6>\n<\/li>\n<li>\n<h6><span style=\"color: #008000;\">2023 04 12 Metodin\u0117 diena ,, S\u0117kmingas ugdymas praktini\u0173 aspektu\u2018\u2018&nbsp; \u0160iauli\u0173 ,,Ringuvos\u2018\u2018 mokykloje<\/span><\/h6>\n<\/li>\n<li>\n<h6><span style=\"color: #008000;\">2023 kovas- balandis. Atviros pamokos taikant kompetencij\u0173 ugdym\u0105 speciali\u0173j\u0173 poreiki\u0173 mokiniams<\/span><\/h6>\n<\/li>\n<li>\n<h6><span style=\"color: #008000;\">2023&nbsp; vasaris- balandis. Dalyvavimas kvalifikacijos k\u0117limo seminaruose, konferencijose, prane\u0161im\u0173 skaitymas juose<\/span><\/h6>\n<\/li>\n<\/ul>\n","protected":false},"excerpt":{"rendered":"<p>Mokyklos direktor\u0117s L.Giedraitien\u0117s prane\u0161imas ,, UTA \u0160iauli\u0173 \u201cRinguvos\u201d mokyklos ir \u0160iauli\u0173 sanatorin\u0117s mokyklos veiklos\u2018\u2018 2022 lapkritis- 2023 sausis. Kvalifikacijos k\u0117limo seminarai ,,Ugdymo turinio vizualizacija\u2018\u2018 (darbas su CANVA programa) 2023 04 12 Metodin\u0117 diena ,, S\u0117kmingas ugdymas praktini\u0173 aspektu\u2018\u2018&nbsp; \u0160iauli\u0173 ,,Ringuvos\u2018\u2018 &hellip; <a href=\"https:\/\/ringuvos-sm.siauliai.lm.lt\/?page_id=19247\">Continue reading <span class=\"meta-nav\">&rarr;<\/span><\/a><\/p>\n","protected":false},"author":2,"featured_media":0,"parent":0,"menu_order":0,"comment_status":"closed","ping_status":"closed","template":"","meta":{"ngg_post_thumbnail":0,"footnotes":""},"class_list":["post-19247","page","type-page","status-publish","hentry"],"_links":{"self":[{"href":"https:\/\/ringuvos-sm.siauliai.lm.lt\/index.php?rest_route=\/wp\/v2\/pages\/19247","targetHints":{"allow":["GET"]}}],"collection":[{"href":"https:\/\/ringuvos-sm.siauliai.lm.lt\/index.php?rest_route=\/wp\/v2\/pages"}],"about":[{"href":"https:\/\/ringuvos-sm.siauliai.lm.lt\/index.php?rest_route=\/wp\/v2\/types\/page"}],"author":[{"embeddable":true,"href":"https:\/\/ringuvos-sm.siauliai.lm.lt\/index.php?rest_route=\/wp\/v2\/users\/2"}],"replies":[{"embeddable":true,"href":"https:\/\/ringuvos-sm.siauliai.lm.lt\/index.php?rest_route=%2Fwp%2Fv2%2Fcomments&post=19247"}],"version-history":[{"count":4,"href":"https:\/\/ringuvos-sm.siauliai.lm.lt\/index.php?rest_route=\/wp\/v2\/pages\/19247\/revisions"}],"predecessor-version":[{"id":19265,"href":"https:\/\/ringuvos-sm.siauliai.lm.lt\/index.php?rest_route=\/wp\/v2\/pages\/19247\/revisions\/19265"}],"wp:attachment":[{"href":"https:\/\/ringuvos-sm.siauliai.lm.lt\/index.php?rest_route=%2Fwp%2Fv2%2Fmedia&parent=19247"}],"curies":[{"name":"wp","href":"https:\/\/api.w.org\/{rel}","templated":true}]}}