{"id":19754,"date":"2024-02-19T19:29:13","date_gmt":"2024-02-19T17:29:13","guid":{"rendered":"https:\/\/ringuvos-sm.siauliai.lm.lt\/?page_id=19754"},"modified":"2026-04-06T16:44:33","modified_gmt":"2026-04-06T14:44:33","slug":"bendrojo-vertinimo-modelis-bvm","status":"publish","type":"page","link":"https:\/\/ringuvos-sm.siauliai.lm.lt\/?page_id=19754","title":{"rendered":"Bendrasis vertinimo modelis (BVM)"},"content":{"rendered":"<h3>&nbsp;<\/h3>\n<h5><strong><span style=\"color: #000000;\">\u0160iauli\u0173 ,,Ringuvos&#8221; mokyklos kokyb\u0117s vadybos sistema, paremta Bendruoju vertinimo modeliu (BVM)<\/span><\/strong><\/h5>\n<h6>&nbsp; &nbsp; &nbsp;<span style=\"color: #000000;\">Vadovaujantis Bendrojo vertinimo modelio diegimo \u0160iauli\u0173 miesto savivaldyb\u0117s \u0161vietimo \u012fstaigose apra\u0161u, patvirtintu \u0160iauli\u0173 miesto savivaldyb\u0117s administracijos direktoriaus 2023-03-24 \u012fsakymu Nr. A-490, Rekomendacijomis d\u0117l BVM diegimo \u0160iauli\u0173 miesto ugdymo \u012fstaigose, patvirtintomis 2023-08-29, ir \u0160iauli\u0173 miesto savivaldyb\u0117s \u0161vietimo \u012fstaig\u0173 kokyb\u0117s vadybos sistemos, paremtos bendruoju vertinimo modeliu, \u012fgyvendinimo tvarkos 10.2 punktu, 2023 m. gruod\u017eio 29 d. direktoriaus \u012fsakymu Nr. TOV- 75 mokyklos veiklos kokyb\u0117s \u012fsivertinimo koordinatoriumi paskirta direktoriaus pavaduotoja Salvinija \u017dukien\u0117, sudaryta mokyklos veiklos kokyb\u0117s \u012fsivertinimo darbo grup\u0117, paskirstytos funkcijos:<\/span><\/h6>\n<ul>\n<li>\n<h6><span style=\"color: #000000;\">Rita \u0160imon\u0117lien\u0117, mokytoja- grup\u0117s vadovas, atsakingas u\u017e efektyv\u0173 grup\u0117s darbo organizavim\u0105, duomen\u0173 saugumo u\u017etikrinim\u0105 ir tyrimo etikos princip\u0173 laikym\u0105si, savalaik\u012f veiklos kokyb\u0117s \u012fsivertinimo ataskaitos bei veiklos tobulinimo ir steb\u0117senos plano pateikim\u0105;<\/span><\/h6>\n<\/li>\n<li>\n<h6><span style=\"color: #000000;\">Vaida Linkuvien\u0117, mokytoja-nar\u0117, atsakinga u\u017e tinkam\u0105 veiklos kokyb\u0117s \u012fsivertinimo duomen\u0173 rinkim\u0105;<\/span><\/h6>\n<\/li>\n<li>\n<h6><span style=\"color: #000000;\">Roma Rimkevi\u010dien\u0117, direktoriaus pavaduotoja, mokytoja- nar\u0117, atsakinga u\u017e tinkam\u0105 veiklos kokyb\u0117s \u012fsivertinimo duomen\u0173 rinkim\u0105, veiklos kokyb\u0117s \u012fsivertinimo steb\u0117sen\u0105;<\/span><\/h6>\n<\/li>\n<li>\n<h6><span style=\"color: #000000;\">Lijana Giedraitien\u0117, direktor\u0117- nar\u0117, atsakinga u\u017e veiklos kokyb\u0117s&nbsp; \u012fsivertinimo vie\u0161inim\u0105;<\/span><\/h6>\n<\/li>\n<li>\n<h6><span style=\"color: #000000;\">Sanjana \u0160edovikien\u0117, mokytoja- nar\u0117, atsakinga u\u017e duomen\u0173 analiz\u0117s metod\u0173 ir proced\u016br\u0173 parinkim\u0105;<\/span><\/h6>\n<\/li>\n<li>\n<h6><span style=\"color: #000000;\">Vilma Navickien\u0117, aukl\u0117toja &#8211; nar\u0117, atsakinga u\u017e veiklos kokyb\u0117s \u012fsivertinimo ataskaitos bei veiklos tobulinimo plano pateikim\u0105.<\/span><\/h6>\n<\/li>\n<li>\n<h6><span style=\"color: #000000;\">Kornelija Gindulyt\u0117 &#8211;&nbsp; nar\u0117, atsakinga u\u017e veiklos kokyb\u0117s \u012fsivertinimo ataskaitos bei veiklos tobulinimo plano pateikim\u0105.<\/span><\/h6>\n<\/li>\n<\/ul>\n<p>&nbsp;<\/p>\n<hr>\n<h6>&nbsp; &nbsp; &nbsp;<span style=\"color: #000000;\">Veiklos kokyb\u0117s \u012fsivertinimo tikslas- \u012fsivertinti stipri\u0105sias, silpn\u0105sias&nbsp; mokyklos veiklos puses, tobulinti \u012fstaigos proces\u0173 valdym\u0105. \u012esivertinimas vyko u\u017e 2023 metus, kai kurie duomenys paimti ir i\u0161 ankstesni\u0173 met\u0173.&nbsp;<\/span><\/h6>\n<h6><span style=\"color: #000000;\"> Ataskaita prad\u0117ta rengti 2023 m gruod\u017eio m\u0117n, baigta 2024 m. kovo m\u0117n., parengtas veiklos tobulinimo planas.<\/span><\/h6>\n<hr>\n<p>&nbsp;<\/p>\n<p>&nbsp;<\/p>\n\n\n<p><\/p>\n","protected":false},"excerpt":{"rendered":"<p>&nbsp; \u0160iauli\u0173 ,,Ringuvos&#8221; mokyklos kokyb\u0117s vadybos sistema, paremta Bendruoju vertinimo modeliu (BVM) &nbsp; &nbsp; &nbsp;Vadovaujantis Bendrojo vertinimo modelio diegimo \u0160iauli\u0173 miesto savivaldyb\u0117s \u0161vietimo \u012fstaigose apra\u0161u, patvirtintu \u0160iauli\u0173 miesto savivaldyb\u0117s administracijos direktoriaus 2023-03-24 \u012fsakymu Nr. A-490, Rekomendacijomis d\u0117l BVM diegimo \u0160iauli\u0173 &hellip; <a href=\"https:\/\/ringuvos-sm.siauliai.lm.lt\/?page_id=19754\">Continue reading <span class=\"meta-nav\">&rarr;<\/span><\/a><\/p>\n","protected":false},"author":2,"featured_media":0,"parent":0,"menu_order":0,"comment_status":"closed","ping_status":"closed","template":"","meta":{"ngg_post_thumbnail":0,"footnotes":""},"class_list":["post-19754","page","type-page","status-publish","hentry"],"_links":{"self":[{"href":"https:\/\/ringuvos-sm.siauliai.lm.lt\/index.php?rest_route=\/wp\/v2\/pages\/19754","targetHints":{"allow":["GET"]}}],"collection":[{"href":"https:\/\/ringuvos-sm.siauliai.lm.lt\/index.php?rest_route=\/wp\/v2\/pages"}],"about":[{"href":"https:\/\/ringuvos-sm.siauliai.lm.lt\/index.php?rest_route=\/wp\/v2\/types\/page"}],"author":[{"embeddable":true,"href":"https:\/\/ringuvos-sm.siauliai.lm.lt\/index.php?rest_route=\/wp\/v2\/users\/2"}],"replies":[{"embeddable":true,"href":"https:\/\/ringuvos-sm.siauliai.lm.lt\/index.php?rest_route=%2Fwp%2Fv2%2Fcomments&post=19754"}],"version-history":[{"count":14,"href":"https:\/\/ringuvos-sm.siauliai.lm.lt\/index.php?rest_route=\/wp\/v2\/pages\/19754\/revisions"}],"predecessor-version":[{"id":21418,"href":"https:\/\/ringuvos-sm.siauliai.lm.lt\/index.php?rest_route=\/wp\/v2\/pages\/19754\/revisions\/21418"}],"wp:attachment":[{"href":"https:\/\/ringuvos-sm.siauliai.lm.lt\/index.php?rest_route=%2Fwp%2Fv2%2Fmedia&parent=19754"}],"curies":[{"name":"wp","href":"https:\/\/api.w.org\/{rel}","templated":true}]}}