{"id":22,"date":"2013-04-26T11:28:40","date_gmt":"2013-04-26T09:28:40","guid":{"rendered":"http:\/\/ringuvos.coral.lt\/?page_id=22"},"modified":"2020-02-28T11:01:00","modified_gmt":"2020-02-28T09:01:00","slug":"mokinio-taisykles","status":"publish","type":"page","link":"https:\/\/ringuvos-sm.siauliai.lm.lt\/?page_id=22","title":{"rendered":"Mokinio elgesio taisykl\u0117s"},"content":{"rendered":"<h6><strong>I. <\/strong>BENDROSIOS NUOSTATOS<\/h6>\n<h6><\/h6>\n<ol>\n<li>\n<h6>Mokinio elgesio taisykl\u0117s grind\u017eiamos Jungtini\u0173 Taut\u0173 vaiko teisi\u0173 konvencija, Lietuvos Respublikos vaiko teisi\u0173 apsaugos pagrind\u0173 \u012fstatymu, Lietuvos Respublikos \u0161vietimo \u012fstatymu, Rekomendacijomis d\u0117l poveikio priemoni\u0173 taikymo netinkamai besielgiantiems mokiniams, kitais teis\u0117s aktais.<\/h6>\n<\/li>\n<\/ol>\n<h6>II. MOKINIO TEIS\u0116S IR PAREIGOS<\/h6>\n<h6>2. Mokinys turi teis\u0119:<\/h6>\n<h6>2.1. Mokytis savitarpio pagarba gr\u012fstoje, sveikoje ir saugioje aplinkoje.<\/h6>\n<h6>2.2. Gauti speciali\u0105j\u0105 pedagogin\u0119, speciali\u0105j\u0105, socialin\u0119 pedagogin\u0119, psichologin\u0119, pirmin\u0119 medicinin\u0119 pagalb\u0105.<\/h6>\n<h6>2.3. Visais r\u016bpimais klausimais kreiptis \u012f mokyklos administracij\u0105, mokytojus, \u0161vietimo pagalbos specialistus, kitus mokyklos darbuotojus.<\/h6>\n<h6>2.4. Rinktis neformalaus ugdymo b\u016brelius, dalyvauti renginiuose, vykti \u012f i\u0161vykas, ekskursijas.<\/h6>\n<h6>2.5. Naudotis mokykloje esan\u010diu inventoriumi, specialiosiomis priemon\u0117mis, informacini\u0173 ir komunikacini\u0173 technologij\u0173 \u012franga mokymosi tikslais.<\/h6>\n<h6>2.6. \u012estatym\u0173 nustatyta tvarka ginti savo teises.<\/h6>\n<ol start=\"3\">\n<li>\n<h6>Mokinys privalo:<\/h6>\n<\/li>\n<\/ol>\n<h6>3.1. Atsakingai vykdyti pagrindin\u0119 mokinio pareig\u0105 \u2013 mokytis pagal savo geb\u0117jimus, galias, poreikius.<\/h6>\n<h6>3.2. \u012e mokykl\u0105 atsine\u0161ti visas mokymuisi reikalingas priemones.<\/h6>\n<h6>3.3. Pamok\u0173, kit\u0173 veikl\u0173 metu elgtis drausmingai, netrukdyti draugams, reaguoti \u012f mokytojo pastabas, vykdyti jo nurodymus.<\/h6>\n<h6>3.4. Nev\u0117luoti ir nepraleisti pamok\u0173 be pateisinamos prie\u017easties, i\u0161eiti i\u0161 pamok\u0173 tik informav\u0119s mokytoj\u0105 ar klas\u0117s vadov\u0105\u00a0 ir gav\u0119s j\u0173 leidim\u0105.<\/h6>\n<h6>3.5. Praleid\u0119s pamokas pateikti t\u0117v\u0173 (glob\u0117j\u0173\/r\u016bpintoj\u0173) ra\u0161ti\u0161k\u0105 pateisinim\u0105.<\/h6>\n<h6>3.6. Gerbti mokinius, mokytojus, kitus bendruomen\u0117s narius, nepa\u017eeisti j\u0173 teisi\u0173.<\/h6>\n<h6>3.7. Saugoti ir tausoti mokyklos turt\u0105, jos aplink\u0105, savo ir kit\u0173 asmeninius daiktus, atsakyti u\u017e padaryt\u0105 \u017eal\u0105.<\/h6>\n<h6>3.8. Vilk\u0117ti \u0161varius, tvarkingus ir esteti\u0161kus drabu\u017eius, atitinkan\u010dius kasdien\u012f stili\u0173, savo i\u0161vaizda netrikdyti aplinkini\u0173.<\/h6>\n<h6>3.9. Fizinio ugdymo pamokose vilk\u0117ti sportin\u0119 aprang\u0105 bei avalyn\u0119, kuri ned\u0117vima kit\u0173 pamok\u0173 metu.<\/h6>\n<h6>3.10. Striuk\u0119, palt\u0105, kepur\u0119 laikyti r\u016bbin\u0117je, nepalikti ki\u0161en\u0117se verting\u0173 daikt\u0173.<\/h6>\n<h6>3.11. Dingus r\u016bbams, daiktams, nedelsiant kreiptis \u012f klas\u0117s vadov\u0105, grup\u0117s aukl\u0117toj\u0105, socialin\u012f pedagog\u0105, mokyklos administracij\u0105; u\u017e vertingus daiktus, mobiliuosius telefonus atsako pats mokinys.<\/h6>\n<h6>3.12. Laikytis asmens higienos reikalavim\u0173, saugaus elgesio taisykli\u0173, saugoti save ir kitus.<\/h6>\n<h6>3.13. Vie\u0161ose vietose elgtis kult\u016bringai, mandagiai, garbingai atstovauti mokyklai.<\/h6>\n<h6>3.14. Laikytis mokyklos darbo tvarkos, mokinio elgesio taisykli\u0173, apie mokykloje pasteb\u0117tus pa\u017eeidimus informuoti mokytojus, mokyklos administracij\u0105.<\/h6>\n<h6>3.15. R\u016bpintis savo ir kit\u0173 bendruomen\u0117s nari\u0173 saugumu, nedelsiant kreiptis \u012f suaugusius d\u0117l gresian\u010dio pavojaus, fizinio ar psichologinio smurto.<\/h6>\n<h6><\/h6>\n<h6>III. MOKINIO ATSAKOMYB\u0116<\/h6>\n<h6><\/h6>\n<ol start=\"4\">\n<li>\n<h6>Mokiniui draud\u017eiama:<\/h6>\n<\/li>\n<\/ol>\n<h6>4.1. Naudoti fizin\u0119 (mu\u0161tis, stumdytis, spardyti) ir emocin\u0119 (prasivard\u017eiuoti, grasinti, ignoruoti) prievart\u0105, reketuoti, vartoti necenz\u016brinius \u017eod\u017eius, rodyti nepadorius gestus, \u012f\u017e\u016bliai ir provokuojan\u010diai elgtis, \u017eaisti azartinius \u017eaidimus.<\/h6>\n<h6>4.2. Pamokose vilk\u0117ti striuk\u0119, palt\u0105, triuk\u0161mauti, naudotis mobiliuoju telefonu, garso ir vaizdo technika be mokytojo leidimo.<\/h6>\n<h6>4.3. Pa\u017eeidin\u0117ti mokykloje nustatyt\u0105 tvark\u0105, mokykloje ir mokyklos teritorijoje r\u016bkyti, vartoti alkoholinius, energetinius g\u0117rimus, narkotines ir psichotropines med\u017eiagas, kvai\u0161alus, naudoti pirotechnikos priemones.<\/h6>\n<h6>4.4. \u012e mokykl\u0105 ne\u0161tis a\u0161trius daiktus, duj\u0173 balion\u0117lius, toksines med\u017eiagas, narkotikus, kitokius kvai\u0161alus, alkoholinius g\u0117rimus, tabako gaminius, elektronines cigaretes, kitus saugumui, sveikatai ir gyvybei pavojingus daiktus.<\/h6>\n<h6>4.5. Pamok\u0173 ir pertrauk\u0173 metu i\u0161eiti u\u017e mokyklos teritorijos rib\u0173.<\/h6>\n<h6>4.6. Laisvalaik\u012f leisti be mokytojo (aukl\u0117tojo) ar mokytojo (aukl\u0117tojo) pad\u0117j\u0117jo prie\u017ei\u016bros.<\/h6>\n<h6>4.7. Daryti garso \u012fra\u0161us, filmuoti ir fotografuoti mokyklos bendruomen\u0117s narius, vie\u0161inti j\u0173 atvaizdus, informacij\u0105 internetin\u0117je erdv\u0117je be j\u0173 sutikimo.<\/h6>\n<h6>4.8. \u012e mokykl\u0105 ir jos teritorij\u0105 atsivesti pa\u0161alinius asmenis.<\/h6>\n<h6>IV. MOKINIO SKATINIMAS IR DRAUSMINIMAS<\/h6>\n<h6><\/h6>\n<ol start=\"5\">\n<li>\n<h6>Mokinio skatinimas:<\/h6>\n<\/li>\n<\/ol>\n<h6>5.1. Mokytojo, klas\u0117s vadovo pagyrimas \u017eod\u017eiu ar \u012fra\u0161u elektroniniame dienyne.<\/h6>\n<h6>5.2. Mokytojo, klas\u0117s vadovo pad\u0117kos ra\u0161tas mokiniui.<\/h6>\n<h6>5.3. Direktoriaus pad\u0117kos ra\u0161tas mokiniui.<\/h6>\n<h6>5.4. Direktoriaus pad\u0117kos ra\u0161tas mokinio t\u0117vams (glob\u0117jams, r\u016bpintojams).<\/h6>\n<h6>5.5. Mokinio pasiekim\u0173 vie\u0161inimas.<\/h6>\n<h6>5.6. Atminimo dovana mokiniui.<\/h6>\n<h6>5.7. I\u0161vyka, ekskursija mokiniui.<\/h6>\n<ol start=\"6\">\n<li>\n<h6>Mokinio drausminimas:<\/h6>\n<\/li>\n<\/ol>\n<h6>6.1. Mokytojo, klas\u0117s vadovo pastaba \u017eod\u017eiu ar \u012fra\u0161u elektroniniame dienyne.<\/h6>\n<h6>6.2. Mokinio t\u0117v\u0173 (glob\u0117j\u0173, r\u016bpintoj\u0173) informavimas \u017eod\u017eiu ar ra\u0161tu.<\/h6>\n<h6>6.3. Mokyklos direktoriaus \u012fsp\u0117jimas, papeikimas, grie\u017etas papeikimas mokiniui.<\/h6>\n<h6>6.4. Mokinio elgesio svarstymas Vaiko gerov\u0117s komisijoje dalyvaujant mokiniui.<\/h6>\n<h6>6.5. Mokinio elgesio svarstymas Vaiko gerov\u0117s komisijoje dalyvaujant mokiniui ir mokinio t\u0117vams (glob\u0117jams, r\u016bpintojams).<\/h6>\n<h6>6.6. Teis\u0117tvarkos institucij\u0173 informavimas apie mokinio teis\u0117tvarkos ir teis\u0117saugos pa\u017eeidimus.<\/h6>\n<h6>\u00a0V.\u00a0POVEIKIO PRIEMONI\u0172 TAIKYMAS NETINKAMAI BESIELGIANTIEMS MOKINIAMS<\/h6>\n<h6><\/h6>\n<ol start=\"7\">\n<li>\n<h6>Poveikio priemon\u0117 \u2013 Mokyklos darbuotojo veiksmai, kuriais siekiama nutraukti ar sustabdyti netinkam\u0105 mokinio elges\u012f bei atkurti psichologi\u0161kai ir fizi\u0161kai saugi\u0105 ir savitarpio pagarba gr\u012fst\u0105 ugdymosi aplink\u0105.<\/h6>\n<\/li>\n<li>\n<h6>Netinkamas mokinio elgesys \u2013 mokinio elgesys keliantis real\u0173 pavoj\u0173 jo paties ir (ar) kit\u0173 asmen\u0173 gyvybei, sveikatai, psichologiniam ar fiziniam saugumui arba turtui, taip pat pasikartojantis, ty\u010dinis, agresyvus, \u012f\u017e\u016blus, griaunantis ugdymosi proces\u0105, pa\u017eeidin\u0117jantis kit\u0173 asmen\u0173 garb\u0119 ir orum\u0105 bei psichologin\u012f ir fizin\u012f saugum\u0105 mokinio elgesys.<\/h6>\n<\/li>\n<li>\n<h6>Netinkamai besielgiantiems mokiniams vadovaujantis \u201eRekomendacijomis d\u0117l poveikio priemoni\u0173 taikymo netinkamai besielgiantiems mokiniams\u201c, patvirtintomis LR \u0161vietimo ir mokslo ministro 2012 rugpj\u016b\u010dio 28 d. \u012fsakymu Nr. V-1268, gali b\u016bti taikomos \u0161ios poveikio priemon\u0117s:<\/h6>\n<\/li>\n<\/ol>\n<h6>9.1. Mokinio ugdymosi vietos pakeitimas. Taikomas mokytojo sprendimu, kai mokinio elgesys akivaizd\u017eiai griauna mokini\u0173 ugdymosi proces\u0105 pamokos metu.<\/h6>\n<h6>9.2. Mokyklos vadovo ar jo \u012fgalioto asmens i\u0161kvietimas. Mokyklos darbuotojas gali i\u0161sikviesti Mokyklos vadov\u0105 ar jo \u012fgaliot\u0105 asmen\u012f, kad pad\u0117t\u0173 nutraukti mokinio ar mokini\u0173 grup\u0117s netinkam\u0105 elges\u012f.<\/h6>\n<h6>9.3. Mokinio daikt\u0173 patikrinimo organizavimas. Jeigu Mokyklos darbuotojui kyla pagr\u012fst\u0173 \u012ftarim\u0173, jog mokinys gali tur\u0117ti draud\u017eiam\u0173 daikt\u0173, jis nedelsdamas apie tai informuoja Mokyklos vadov\u0105 arba jo \u012fgaliot\u0105 asmen\u012f. Mokyklos darbuotojas ir (ar) Mokyklos vadovas arba jo \u012fgaliotas asmuo turi teis\u0119 pra\u0161yti mokinio parodyti jo asmeninius daiktus. Mokinio daiktai negali b\u016bti tikrinami negavus jo sutikimo ir (ar) jam nedalyvaujant.<\/h6>\n<h6>9.4. Pagr\u012fst\u0173 fizini\u0173 veiksm\u0173 panaudojimas.<\/h6>\n<ol start=\"10\">\n<li>\n<h6>Pagr\u012fsti fiziniai veiksmai \u2013 su fiziniu kontaktu susij\u0119 Mokyklos darbuotojo veiksmai mokinio at\u017evilgiu, kuri\u0173 gali b\u016bti imamasi siekiant nutraukti mokinio elges\u012f, keliant\u012f real\u0173 pavoj\u0173 jo paties ir (ar) kit\u0173 asmen\u0173 gyvybei, sveikatai, psichologiniam ir fiziniam saugumui ar turtui, arba u\u017ekirsti jam keli\u0105.<\/h6>\n<\/li>\n<\/ol>\n<h6>VI. BAIGIAMOSIOS NUOSTATOS<\/h6>\n<h6><\/h6>\n<ol start=\"11\">\n<li>\n<h6>Su Mokinio elgesio taisykl\u0117mis mokinys supa\u017eindinamas mokslo met\u0173 prad\u017eioje ir pakartotinai, pasteb\u0117jus, kad aplaid\u017eiai laikosi jose reglamentuot\u0173 elgesio norm\u0173.<\/h6>\n<\/li>\n<li>\n<h6>Mokinio elgesio taisykl\u0117s gali b\u016bti kei\u010diamos, papildomos Mokyklos direktoriaus \u012fsakymu suderinus su savivaldos institucijomis, Vaiko gerov\u0117s komisija.<\/h6>\n<\/li>\n<\/ol>\n<p>_____________________________________<\/p>\n","protected":false},"excerpt":{"rendered":"<p>I. BENDROSIOS NUOSTATOS Mokinio elgesio taisykl\u0117s grind\u017eiamos Jungtini\u0173 Taut\u0173 vaiko teisi\u0173 konvencija, Lietuvos Respublikos vaiko teisi\u0173 apsaugos pagrind\u0173 \u012fstatymu, Lietuvos Respublikos \u0161vietimo \u012fstatymu, Rekomendacijomis d\u0117l poveikio priemoni\u0173 taikymo netinkamai besielgiantiems mokiniams, kitais teis\u0117s aktais. II. MOKINIO TEIS\u0116S IR PAREIGOS 2. &hellip; <a href=\"https:\/\/ringuvos-sm.siauliai.lm.lt\/?page_id=22\">Continue reading <span class=\"meta-nav\">&rarr;<\/span><\/a><\/p>\n","protected":false},"author":1,"featured_media":0,"parent":0,"menu_order":0,"comment_status":"closed","ping_status":"closed","template":"","meta":{"ngg_post_thumbnail":0,"footnotes":""},"class_list":["post-22","page","type-page","status-publish","hentry"],"_links":{"self":[{"href":"https:\/\/ringuvos-sm.siauliai.lm.lt\/index.php?rest_route=\/wp\/v2\/pages\/22","targetHints":{"allow":["GET"]}}],"collection":[{"href":"https:\/\/ringuvos-sm.siauliai.lm.lt\/index.php?rest_route=\/wp\/v2\/pages"}],"about":[{"href":"https:\/\/ringuvos-sm.siauliai.lm.lt\/index.php?rest_route=\/wp\/v2\/types\/page"}],"author":[{"embeddable":true,"href":"https:\/\/ringuvos-sm.siauliai.lm.lt\/index.php?rest_route=\/wp\/v2\/users\/1"}],"replies":[{"embeddable":true,"href":"https:\/\/ringuvos-sm.siauliai.lm.lt\/index.php?rest_route=%2Fwp%2Fv2%2Fcomments&post=22"}],"version-history":[{"count":18,"href":"https:\/\/ringuvos-sm.siauliai.lm.lt\/index.php?rest_route=\/wp\/v2\/pages\/22\/revisions"}],"predecessor-version":[{"id":14186,"href":"https:\/\/ringuvos-sm.siauliai.lm.lt\/index.php?rest_route=\/wp\/v2\/pages\/22\/revisions\/14186"}],"wp:attachment":[{"href":"https:\/\/ringuvos-sm.siauliai.lm.lt\/index.php?rest_route=%2Fwp%2Fv2%2Fmedia&parent=22"}],"curies":[{"name":"wp","href":"https:\/\/api.w.org\/{rel}","templated":true}]}}