{"id":24,"date":"2013-01-26T11:28:58","date_gmt":"2013-01-26T09:28:58","guid":{"rendered":"http:\/\/ringuvos.coral.lt\/?page_id=24"},"modified":"2024-04-03T12:14:57","modified_gmt":"2024-04-03T10:14:57","slug":"dokumentu-formos","status":"publish","type":"page","link":"https:\/\/ringuvos-sm.siauliai.lm.lt\/?page_id=24","title":{"rendered":"Dokument\u0173 formos"},"content":{"rendered":"<p>&nbsp;<\/p>\n<ul>\n<li>\n<h5><span style=\"color: #000000;\">Pra\u0161ymas ,,&nbsp;D\u0117l praleist\u0173 pamok\u0173 pateisinimo&#8221;<a href=\"https:\/\/ringuvos-sm.siauliai.lm.lt\/wp-content\/uploads\/2020\/12\/praleistu-pamoku-pateisinimo-forma-PATAISYTA.docx\"><span style=\"color: #008000;\"> doc<\/span><\/a><\/span><\/h5>\n<\/li>\n<li>\n<h5><span style=\"color: #000000;\">Neformaliojo vaik\u0173 \u0161vietimo programa&nbsp;<a href=\"https:\/\/ringuvos-sm.siauliai.lm.lt\/wp-content\/uploads\/2024\/04\/NVS-programa-2023-2024.doc\"> &nbsp;<span style=\"color: #008000;\">doc<\/span><\/a><\/span><\/h5>\n<\/li>\n<li>\n<h5><span style=\"color: #000000;\">&nbsp;Klas\u0117s vadovo veiklos planas&nbsp; <a href=\"https:\/\/ringuvos-sm.siauliai.lm.lt\/wp-content\/uploads\/2024\/04\/klases-vadovo-veiklos-planas.doc\">&nbsp; <span style=\"color: #008000;\">&nbsp;doc<\/span><\/a><\/span><\/h5>\n<\/li>\n<li>\n<h5><span style=\"color: #000000;\">&nbsp;Aukl\u0117jamosios grup\u0117s&nbsp;&nbsp;veiklos planas&nbsp;<a href=\"https:\/\/ringuvos-sm.siauliai.lm.lt\/wp-content\/uploads\/2024\/04\/Auklejamosios-grupes-2023-2024.doc\">&nbsp;<span style=\"color: #008000;\">&nbsp;doc<\/span><\/a><\/span><\/h5>\n<\/li>\n<li>\n<h5><span style=\"color: #000000;\">&nbsp;Pailgintos dienos grup\u0117s veiklos planas<a href=\"https:\/\/ringuvos-sm.siauliai.lm.lt\/wp-content\/uploads\/2024\/04\/pailgintos-d-grupes-veiklos-planas.doc\">&nbsp;<span style=\"color: #008000;\">&nbsp;&nbsp;doc<\/span><\/a><\/span><\/h5>\n<\/li>\n<li>\n<h5><span style=\"color: #000000;\">&nbsp;B\u016brelio veiklos planas&nbsp; <a href=\"https:\/\/ringuvos-sm.siauliai.lm.lt\/wp-content\/uploads\/2024\/04\/Burelio-veiklos-planas-2023-2024.docx\"><span style=\"color: #ff6600;\">&nbsp;<span style=\"color: #008000;\">doc<\/span>&nbsp;<\/span><\/a><\/span><\/h5>\n<\/li>\n<li>\n<h5><span style=\"color: #000000;\">Mokinio pasiekim\u0173 ir pa\u017eangos vertinimo lapas&nbsp;<a href=\"https:\/\/ringuvos-sm.siauliai.lm.lt\/wp-content\/uploads\/2021\/05\/MOKINIU-PASIEKIMU-IR-PAZANGOS-VERTINIMAS-Naujas.docx\"> &nbsp;<span style=\"color: #008000;\">doc<\/span><\/a><\/span><\/h5>\n<\/li>\n<\/ul>\n<hr>\n<h5><strong><span style=\"color: #008000;\">Vyresni\u0173j\u0173&nbsp;speciali\u0173j\u0173 klasi\u0173 mokytojams<\/span><\/strong><\/h5>\n<ul>\n<li>\n<h5><span style=\"color: #000000;\">Individualizuota ugdymo programa<a href=\"https:\/\/ringuvos-sm.siauliai.lm.lt\/wp-content\/uploads\/2022\/11\/vyresniuju-specialiuju-kl.-individualiz.p2022-2023.doc\"><span style=\"color: #008000;\">&nbsp; &nbsp;doc&nbsp;<\/span><\/a><\/span><\/h5>\n<\/li>\n<li>\n<h5><span style=\"color: #000000;\">&nbsp;Teminiai planai<a href=\"https:\/\/ringuvos-sm.siauliai.lm.lt\/wp-content\/uploads\/2022\/11\/vyresniuju-specialiuju-kl.-teminiai-2022-2023-1.docx\">&nbsp; &nbsp; &nbsp; <span style=\"color: #008000;\">doc&nbsp;&nbsp;<\/span><\/a><\/span><\/h5>\n<\/li>\n<\/ul>\n<h5><strong><span style=\"color: #008000;\">&nbsp;Pradini\u0173&nbsp;speciali\u0173j\u0173&nbsp;&nbsp;klasi\u0173 mokytojams&nbsp;<\/span><\/strong><\/h5>\n<ul>\n<li>\n<h5><span style=\"color: #000000;\">Individualizuota ugdymo programa<a href=\"https:\/\/ringuvos-sm.siauliai.lm.lt\/wp-content\/uploads\/2022\/11\/pradiniu-specialiuju-kl.-individualizu-2022-2023.doc\">&nbsp; &nbsp;<span style=\"color: #008000;\">doc<\/span><\/a><\/span><\/h5>\n<\/li>\n<li>\n<h5><span style=\"color: #000000;\"><span style=\"font-size: 14px;\">&nbsp;<\/span>Teminiai planai<a href=\"https:\/\/ringuvos-sm.siauliai.lm.lt\/wp-content\/uploads\/2022\/11\/pradiniu-specialiuju-teminiai-2022-2023-1.doc\">&nbsp;&nbsp;<span style=\"color: #008000;\">&nbsp;doc&nbsp;<\/span><\/a><\/span><\/h5>\n<\/li>\n<\/ul>\n<h5><strong><span style=\"color: #008000;\">Lavinam\u0173j\u0173 klasi\u0173 mokytojams <\/span><\/strong><\/h5>\n<ul>\n<li>\n<h5><span style=\"color: #000000;\">&nbsp;Individualizuota ugdymo programa&nbsp; <span style=\"color: #008000;\">&nbsp;<a style=\"color: #008000;\" href=\"https:\/\/ringuvos-sm.siauliai.lm.lt\/wp-content\/uploads\/2023\/01\/LAVINAMOSIOS-KLASES-INDIVIDUALIZUOTA.docx\">doc&nbsp;<\/a><\/span><\/span><\/h5>\n<\/li>\n<li>\n<h5><span style=\"color: #000000;\">Teminiai planai&nbsp;<a href=\"https:\/\/ringuvos-sm.siauliai.lm.lt\/wp-content\/uploads\/2022\/11\/lavinamuju-klasiu-teminiai-2022-2023.doc\"> &nbsp;&nbsp;<span style=\"color: #008000;\">doc&nbsp;<\/span>&nbsp;<\/a><\/span><\/h5>\n<\/li>\n<\/ul>\n<p><span style=\"color: #000000;\">&nbsp;<\/span><\/p>\n<p>&nbsp;<\/p>\n\n\n<p><\/p>\n","protected":false},"excerpt":{"rendered":"<p>&nbsp; Pra\u0161ymas ,,&nbsp;D\u0117l praleist\u0173 pamok\u0173 pateisinimo&#8221; doc Neformaliojo vaik\u0173 \u0161vietimo programa&nbsp; &nbsp;doc &nbsp;Klas\u0117s vadovo veiklos planas&nbsp; &nbsp; &nbsp;doc &nbsp;Aukl\u0117jamosios grup\u0117s&nbsp;&nbsp;veiklos planas&nbsp;&nbsp;&nbsp;doc &nbsp;Pailgintos dienos grup\u0117s veiklos planas&nbsp;&nbsp;&nbsp;doc &nbsp;B\u016brelio veiklos planas&nbsp; &nbsp;doc&nbsp; Mokinio pasiekim\u0173 ir pa\u017eangos vertinimo lapas&nbsp; &nbsp;doc Vyresni\u0173j\u0173&nbsp;speciali\u0173j\u0173 klasi\u0173 mokytojams &hellip; <a href=\"https:\/\/ringuvos-sm.siauliai.lm.lt\/?page_id=24\">Continue reading <span class=\"meta-nav\">&rarr;<\/span><\/a><\/p>\n","protected":false},"author":1,"featured_media":0,"parent":0,"menu_order":0,"comment_status":"closed","ping_status":"closed","template":"","meta":{"ngg_post_thumbnail":0,"footnotes":""},"class_list":["post-24","page","type-page","status-publish","hentry"],"_links":{"self":[{"href":"https:\/\/ringuvos-sm.siauliai.lm.lt\/index.php?rest_route=\/wp\/v2\/pages\/24","targetHints":{"allow":["GET"]}}],"collection":[{"href":"https:\/\/ringuvos-sm.siauliai.lm.lt\/index.php?rest_route=\/wp\/v2\/pages"}],"about":[{"href":"https:\/\/ringuvos-sm.siauliai.lm.lt\/index.php?rest_route=\/wp\/v2\/types\/page"}],"author":[{"embeddable":true,"href":"https:\/\/ringuvos-sm.siauliai.lm.lt\/index.php?rest_route=\/wp\/v2\/users\/1"}],"replies":[{"embeddable":true,"href":"https:\/\/ringuvos-sm.siauliai.lm.lt\/index.php?rest_route=%2Fwp%2Fv2%2Fcomments&post=24"}],"version-history":[{"count":33,"href":"https:\/\/ringuvos-sm.siauliai.lm.lt\/index.php?rest_route=\/wp\/v2\/pages\/24\/revisions"}],"predecessor-version":[{"id":19911,"href":"https:\/\/ringuvos-sm.siauliai.lm.lt\/index.php?rest_route=\/wp\/v2\/pages\/24\/revisions\/19911"}],"wp:attachment":[{"href":"https:\/\/ringuvos-sm.siauliai.lm.lt\/index.php?rest_route=%2Fwp%2Fv2%2Fmedia&parent=24"}],"curies":[{"name":"wp","href":"https:\/\/api.w.org\/{rel}","templated":true}]}}