{"id":2436,"date":"2013-12-18T18:10:30","date_gmt":"2013-12-18T16:10:30","guid":{"rendered":"https:\/\/ringuvos-sm.siauliai.lm.lt\/?page_id=2436"},"modified":"2015-09-15T15:11:05","modified_gmt":"2015-09-15T13:11:05","slug":"2011-2012-m-m-foto-achyvas","status":"publish","type":"page","link":"https:\/\/ringuvos-sm.siauliai.lm.lt\/?page_id=2436","title":{"rendered":"2011 &#8211; 2012 m.m. foto archyvas"},"content":{"rendered":"<h5><span style=\"color: #008000;\"><strong>2011 &#8211; 2012 m.m.<\/strong><\/span><\/h5>\n<h5><span style=\"color: #000000;\"><a href=\"https:\/\/ringuvos-sm.siauliai.lm.lt\/?page_id=1383\"><span style=\"color: #000000;\">2012 06 07 Sve\u010diuose pas baland\u017ei\u0173 augintoj\u0105<\/span><\/a><\/span><\/h5>\n<h5><span style=\"color: #000000;\"><a href=\"https:\/\/ringuvos-sm.siauliai.lm.lt\/?page_id=1379\"><span style=\"color: #000000;\">2012 06 06 I\u0161vyka \u012f Kaun\u0105 &#8211; zoo ir botanikos sodus<\/span><\/a><\/span><\/h5>\n<h5><span style=\"color: #000000;\"><a href=\"https:\/\/ringuvos-sm.siauliai.lm.lt\/?page_id=1375\"><span style=\"color: #000000;\">2012 04 25 Senamies\u010dio maketas Frenkelio r\u016bmuose<\/span><\/a><\/span><\/h5>\n<h5><span style=\"color: #000000;\"><a href=\"https:\/\/ringuvos-sm.siauliai.lm.lt\/?page_id=1371\"><span style=\"color: #000000;\">2012-03-27 Apsilankymas ,,R\u016btos\u2018\u2018 konditerijos fabrike <\/span><\/a><\/span><\/h5>\n<h5><span style=\"color: #000000;\"><a href=\"https:\/\/ringuvos-sm.siauliai.lm.lt\/?page_id=784\"><span style=\"color: #000000;\">2012-03-13 Duonos kepimas \u017dali\u016bki\u0173 mal\u016bne<\/span><\/a><\/span><\/h5>\n<h5><span style=\"color: #000000;\"><a href=\"https:\/\/ringuvos-sm.siauliai.lm.lt\/?page_id=1568\"><span style=\"color: #000000;\">2012 10 05 Mokytoj\u0173 diena<\/span><\/a><\/span><\/h5>\n<h5><span style=\"color: #000000;\"><a href=\"https:\/\/ringuvos-sm.siauliai.lm.lt\/?page_id=1565\"><span style=\"color: #000000;\">2012 10 02 Policijos dienos renginiai<\/span><\/a><\/span><\/h5>\n<h5><span style=\"color: #000000;\"><a href=\"https:\/\/ringuvos-sm.siauliai.lm.lt\/?page_id=1562\"><span style=\"color: #000000;\">2012 02 21 U\u017egav\u0117n\u0117s<\/span><\/a><\/span><\/h5>\n<h5><span style=\"color: #000000;\"><a href=\"https:\/\/ringuvos-sm.siauliai.lm.lt\/?page_id=1559\"><span style=\"color: #000000;\">2011 10 05 Mokytoj\u0173 diena<\/span><\/a><\/span><\/h5>\n","protected":false},"excerpt":{"rendered":"<p>2011 &#8211; 2012 m.m. 2012 06 07 Sve\u010diuose pas baland\u017ei\u0173 augintoj\u0105 2012 06 06 I\u0161vyka \u012f Kaun\u0105 &#8211; zoo ir botanikos sodus 2012 04 25 Senamies\u010dio maketas Frenkelio r\u016bmuose 2012-03-27 Apsilankymas ,,R\u016btos\u2018\u2018 konditerijos fabrike 2012-03-13 Duonos kepimas \u017dali\u016bki\u0173 mal\u016bne 2012 &hellip; <a href=\"https:\/\/ringuvos-sm.siauliai.lm.lt\/?page_id=2436\">Continue reading <span class=\"meta-nav\">&rarr;<\/span><\/a><\/p>\n","protected":false},"author":2,"featured_media":0,"parent":0,"menu_order":0,"comment_status":"closed","ping_status":"closed","template":"","meta":{"ngg_post_thumbnail":0,"footnotes":""},"class_list":["post-2436","page","type-page","status-publish","hentry"],"_links":{"self":[{"href":"https:\/\/ringuvos-sm.siauliai.lm.lt\/index.php?rest_route=\/wp\/v2\/pages\/2436","targetHints":{"allow":["GET"]}}],"collection":[{"href":"https:\/\/ringuvos-sm.siauliai.lm.lt\/index.php?rest_route=\/wp\/v2\/pages"}],"about":[{"href":"https:\/\/ringuvos-sm.siauliai.lm.lt\/index.php?rest_route=\/wp\/v2\/types\/page"}],"author":[{"embeddable":true,"href":"https:\/\/ringuvos-sm.siauliai.lm.lt\/index.php?rest_route=\/wp\/v2\/users\/2"}],"replies":[{"embeddable":true,"href":"https:\/\/ringuvos-sm.siauliai.lm.lt\/index.php?rest_route=%2Fwp%2Fv2%2Fcomments&post=2436"}],"version-history":[{"count":3,"href":"https:\/\/ringuvos-sm.siauliai.lm.lt\/index.php?rest_route=\/wp\/v2\/pages\/2436\/revisions"}],"predecessor-version":[{"id":5575,"href":"https:\/\/ringuvos-sm.siauliai.lm.lt\/index.php?rest_route=\/wp\/v2\/pages\/2436\/revisions\/5575"}],"wp:attachment":[{"href":"https:\/\/ringuvos-sm.siauliai.lm.lt\/index.php?rest_route=%2Fwp%2Fv2%2Fmedia&parent=2436"}],"curies":[{"name":"wp","href":"https:\/\/api.w.org\/{rel}","templated":true}]}}