{"id":2440,"date":"2013-12-18T18:15:41","date_gmt":"2013-12-18T16:15:41","guid":{"rendered":"https:\/\/ringuvos-sm.siauliai.lm.lt\/?page_id=2440"},"modified":"2013-12-19T09:05:20","modified_gmt":"2013-12-19T07:05:20","slug":"2012-2013-m-m-foto-archyvas","status":"publish","type":"page","link":"https:\/\/ringuvos-sm.siauliai.lm.lt\/?page_id=2440","title":{"rendered":"2012 &#8211; 2013 m.m. foto archyvas"},"content":{"rendered":"<h5><strong>2012 &#8211; 2013 m.m. Foto archyvas<\/strong><\/h5>\n<h5><span style=\"color: #000000;\"><a href=\"https:\/\/ringuvos-sm.siauliai.lm.lt\/?page_id=1967\"><span style=\"color: #000000;\">2013 06 10 Mokyklos aplinkos puosel\u0117jimas (vasara)<\/span><\/a><\/span><\/h5>\n<h5><span style=\"color: #000000;\"><a href=\"https:\/\/ringuvos-sm.siauliai.lm.lt\/?page_id=1954\"><span style=\"color: #000000;\">2013 06 07 Paskutinio skambu\u010dio \u0161vent\u0117<\/span><\/a><\/span><\/h5>\n<h5><span style=\"color: #000000;\"><a href=\"https:\/\/ringuvos-sm.siauliai.lm.lt\/?page_id=1983\"><span style=\"color: #000000;\">2013 06 06 I\u0161vyka \u012f Naisius <\/span><\/a><\/span><\/h5>\n<h5><span style=\"color: #000000;\"><a href=\"https:\/\/ringuvos-sm.siauliai.lm.lt\/?page_id=1916\"><span style=\"color: #000000;\">2013 06 05 I\u0161vyka \u012f \u0160iauli\u0173 gyv\u016bn\u0173 globos namus <\/span><\/a><\/span><\/h5>\n<h5><span style=\"color: #000000;\">2013 06 04 I\u0161vyka \u012f Kurtuv\u0117n\u0173 \u017eirgyn\u0105<\/span><\/h5>\n<h5><span style=\"color: #000000;\"><a href=\"https:\/\/ringuvos-sm.siauliai.lm.lt\/?page_id=1979\"><span style=\"color: #000000;\">2013 06 04 I\u0161vyka \u012f Kernav\u0119 ir Trakus<\/span><\/a><\/span><\/h5>\n<h5><span style=\"color: #000000;\"><a href=\"https:\/\/ringuvos-sm.siauliai.lm.lt\/?page_id=1894\"><span style=\"color: #000000;\">2013 05 29 Mokyklos bendruomen\u0117s diena <\/span><\/a><\/span><\/h5>\n<h5><span style=\"color: #000000;\"><a href=\"https:\/\/ringuvos-sm.siauliai.lm.lt\/?page_id=1887\"><span style=\"color: #000000;\">2013 05 23 I\u0161vyka \u012f \u017dagar\u0119 &#8211; sportines var\u017eybas<\/span><\/a><\/span><\/h5>\n<h5><span style=\"color: #000000;\"><a href=\"https:\/\/ringuvos-sm.siauliai.lm.lt\/?page_id=1856\"><span style=\"color: #000000;\">2013 05 16 Koncertuoja \u0160iauli\u0173 R\u0117kyvos progimnazijos mokinukai<\/span><\/a><\/span><\/h5>\n<h5><span style=\"color: #000000;\"><a href=\"https:\/\/ringuvos-sm.siauliai.lm.lt\/?page_id=1848\"><span style=\"color: #000000;\">2013 05 08 Kvalifikacijos tobulinino seminaras ,,Teatrinis ne\u012fgali\u0173j\u0173 ugdymas&#8221;<\/span><\/a><\/span><\/h5>\n<h5><span style=\"color: #000000;\"><a href=\"https:\/\/ringuvos-sm.siauliai.lm.lt\/?page_id=1839\"><span style=\"color: #000000;\">2013 05 08 II Respublikinis speciali\u0173j\u0173 ugdymo \u012fstaig\u0173 mokini\u0173 teatr\u0173 festivalis ,,Saul\u0117s skraist\u0117&#8221;<\/span><\/a><\/span><\/h5>\n<h5><span style=\"color: #000000;\">2013 05 06 <a href=\"https:\/\/ringuvos-sm.siauliai.lm.lt\/?page_id=1802\"><span style=\"color: #000000;\">Paskaitos- diskusijos lyti\u0161kumo klausimais<\/span><\/a><\/span><\/h5>\n<h5><span style=\"color: #000000;\">2013 05 03 <a href=\"https:\/\/ringuvos-sm.siauliai.lm.lt\/?page_id=1804\"><span style=\"color: #000000;\">Vie\u0161nag\u0117 Dirvon\u0117n\u0173 mokykloje <\/span><\/a><\/span><\/h5>\n<h5><span style=\"color: #000000;\"><a href=\"https:\/\/ringuvos-sm.siauliai.lm.lt\/?page_id=1781\"><span style=\"color: #000000;\">2013 04 19 Labdaros vakaras \u201eKartu mes galime daugiau&#8221;<\/span><\/a><\/span><\/h5>\n<h5><span style=\"color: #000000;\"><a href=\"https:\/\/ringuvos-sm.siauliai.lm.lt\/?page_id=1756\"><span style=\"color: #000000;\">2013 04 10 I\u0161vyka \u012f profesinio rengimo centr\u0105<\/span><\/a><\/span><\/h5>\n<h5><span style=\"color: #000000;\"><a href=\"https:\/\/ringuvos-sm.siauliai.lm.lt\/?page_id=1725\"><span style=\"color: #000000;\">2013 04 10 Lietuvos Specialiosios Olimpiados krep\u0161inio var\u017eybos Kaune <\/span><\/a><\/span><\/h5>\n<h5><span style=\"color: #000000;\"><a href=\"https:\/\/ringuvos-sm.siauliai.lm.lt\/?page_id=1696\"><span style=\"color: #000000;\">2013 04 09 Sve\u010diuose \u0160iauli\u0173 pedagogin\u0117s psichologin\u0117s tarnybos specialistai<\/span><\/a><\/span><\/h5>\n<h5><span style=\"color: #000000;\"><a href=\"https:\/\/ringuvos-sm.siauliai.lm.lt\/?page_id=1746\"><span style=\"color: #000000;\">2013 04 05 Pie\u0161ini\u0173 konkursas ,,Vaik\u0173 velyk\u0117l\u0117s&#8221; <\/span><\/a><\/span><\/h5>\n<h5><a href=\"https:\/\/ringuvos-sm.siauliai.lm.lt\/?page_id=1655\">2013 04 04 <\/a><a href=\"https:\/\/ringuvos-sm.siauliai.lm.lt\/?page_id=1655\">P<\/a><a href=\"https:\/\/ringuvos-sm.siauliai.lm.lt\/?page_id=1655\">auk\u0161\u010di\u0173 inkil\u0173 paroda &#8211; konkursas <\/a><\/h5>\n<h5><span style=\"color: #000000;\"><a href=\"https:\/\/ringuvos-sm.siauliai.lm.lt\/?page_id=1344\"><span style=\"color: #000000;\">2013 03 27 Pedagog\u0173 i\u0161vyka \u012f \u0160iauli\u0173 Universiteto sveikatinimo centr\u0105 <\/span><\/a><\/span><\/h5>\n<h5><span style=\"color: #000000;\"><a href=\"https:\/\/ringuvos-sm.siauliai.lm.lt\/?page_id=1877\"><span style=\"color: #000000;\">2013 03 22 Respublikin\u0117 mokini\u0173 metodin\u0117 konferencija \u201cMano svajoni\u0173 profesija\u201c <\/span><\/a><\/span><\/h5>\n<h5><span style=\"color: #000000;\"><a href=\"https:\/\/ringuvos-sm.siauliai.lm.lt\/?page_id=1341\"><span style=\"color: #000000;\">2013 03 22 Velykiniai m\u016bs\u0173 darbeliai<\/span><\/a><\/span><\/h5>\n<h5><span style=\"color: #000000;\"><a href=\"https:\/\/ringuvos-sm.siauliai.lm.lt\/?page_id=1400\"><span style=\"color: #000000;\">2013 03 22 Veiksmo savait\u0117 ,,Be paty\u010di\u0173&#8221;<\/span><\/a><\/span><\/h5>\n<h5><span style=\"color: #000000;\"><a href=\"https:\/\/ringuvos-sm.siauliai.lm.lt\/?page_id=1328\"><span style=\"color: #000000;\">2013 03 21 Sporto \u0161vent\u0117 ma\u017eiesiems ,,Draugaukime zaisdami\u2018\u2018<\/span><\/a><\/span><\/h5>\n<h5><span style=\"color: #000000;\"><a href=\"https:\/\/ringuvos-sm.siauliai.lm.lt\/?page_id=1624\"><span style=\"color: #000000;\">2013 03 20 I\u0161vyka \u012f \u0160iauli\u0173 darbo rinkos mokymo centr\u0105<\/span><\/a><\/span><\/h5>\n<h5><span style=\"color: #000000;\"><a href=\"https:\/\/ringuvos-sm.siauliai.lm.lt\/?page_id=1356\"><span style=\"color: #000000;\">2013 02 25 Savait\u0117 ,,\u017dalingiems \u012fpro\u010diams &#8211; ne&#8221;<\/span><\/a><\/span><\/h5>\n<h5><span style=\"color: #000000;\"><a href=\"https:\/\/ringuvos-sm.siauliai.lm.lt\/?page_id=1774\"><span style=\"color: #000000;\">2013 02 15 Vasario 16-osios pamin\u0117jimas mokykloje <\/span><\/a><\/span><\/h5>\n<h5 id=\":93\" data-tooltip-align=\"b,l\" data-tooltip-delay=\"1500\" data-tooltip-html=\"I\u0161 esm\u0117s svarbu d\u0117l pokalbyje dalyvaujan\u010di\u0173 \u017emoni\u0173.&lt;br&gt;Spustel\u0117kite, jei norite, kad \u201eGmail\u201c \u012fsimint\u0173, jog \u0161is pokalbis yra nesvarbus.\"><span style=\"color: #000000;\"><a href=\"https:\/\/ringuvos-sm.siauliai.lm.lt\/?page_id=1326\"><span style=\"color: #000000;\">2013 02 13 Tarpmokyklin\u0117s sporto var\u017eybos<\/span><\/a><\/span><\/h5>\n<h5><span style=\"color: #000000;\"><a href=\"https:\/\/ringuvos-sm.siauliai.lm.lt\/?page_id=1324\"><span style=\"color: #000000;\">2013 02 13 Edukacin\u0117 pamok\u0117l\u0117 ,,Tas nuostabus vilnos mink\u0161tumas&#8221;<\/span><\/a><\/span><\/h5>\n<h5><span style=\"color: #000000;\"><a href=\"https:\/\/ringuvos-sm.siauliai.lm.lt\/?page_id=1322\"><span style=\"color: #000000;\">2013 01 31 Ekologinio projekto pabaigoje &#8211; k\u016brybini\u0173 darb\u0173 paroda <\/span><\/a><\/span><\/h5>\n<h5><span style=\"color: #000000;\"><a href=\"https:\/\/ringuvos-sm.siauliai.lm.lt\/?page_id=1320\"><span style=\"color: #000000;\">2013 01 23 Sve\u010diuojasi l\/d ,,Pasaka&#8221; ir Jovaro mokyklos mokiniai<\/span><\/a><\/span><\/h5>\n<h5><span style=\"color: #000000;\"><a href=\"https:\/\/ringuvos-sm.siauliai.lm.lt\/?page_id=1318\"><span style=\"color: #000000;\">2012 12 20 Spektaklis ,,Pingvin\u0173 Kal\u0117dos&#8221;<\/span><\/a><\/span><\/h5>\n<h5><span style=\"color: #000000;\"><a href=\"https:\/\/ringuvos-sm.siauliai.lm.lt\/?page_id=1316\"><span style=\"color: #000000;\">2012 12 19 Koncertas ,,Po angelo sparnu&#8221; <\/span><\/a><\/span><\/h5>\n<h5><span style=\"color: #000000;\"><a href=\"https:\/\/ringuvos-sm.siauliai.lm.lt\/?page_id=1171\"><span style=\"color: #000000;\">2012 12 15 Sportuoju \u2013 esu sveikas<\/span><\/a><\/span><\/h5>\n<h5><span style=\"color: #000000;\"><a href=\"https:\/\/ringuvos-sm.siauliai.lm.lt\/?page_id=1169\"><span style=\"color: #000000;\">2012 12 14 At\u0161vaitai \u2013 saugumo garantas<\/span><\/a><\/span><\/h5>\n<h5><span style=\"color: #000000;\"><a href=\"https:\/\/ringuvos-sm.siauliai.lm.lt\/?page_id=1167\"><span style=\"color: #000000;\">2012 12 06 Mokyklos aplinkos puosel\u0117jimas (\u017eiema)<\/span><\/a><\/span><\/h5>\n<h5><span style=\"color: #000000;\"><a href=\"https:\/\/ringuvos-sm.siauliai.lm.lt\/?page_id=1165\"><span style=\"color: #000000;\">2012 11 27 I\u0161vyka \u012f komunalini\u0173 atliek\u0173 s\u0105vartyn\u0105 Auk\u0161trakiuose<\/span><\/a><\/span><\/h5>\n<h5><span style=\"color: #000000;\"><a href=\"https:\/\/ringuvos-sm.siauliai.lm.lt\/?page_id=1163\"><span style=\"color: #000000;\">2012 11 22 I\u0161vyka \u012f V\u0160\u012e ,,Motinos Teres\u0117s \u0161eim\u0173 namai\u201c <\/span><\/a><\/span><\/h5>\n<h5><span style=\"color: #000000;\"><a href=\"https:\/\/ringuvos-sm.siauliai.lm.lt\/?page_id=1055\"><span style=\"color: #000000;\">2012 09 26 I\u0161vyka \u012f Bijotus ir Klaip\u0117dos mini zoo<\/span><\/a><\/span><\/h5>\n<h5><span style=\"color: #000000;\"><a href=\"https:\/\/ringuvos-sm.siauliai.lm.lt\/?page_id=1160\"><span style=\"color: #000000;\">2012 09 25 Mokyklos aplinkos puosel\u0117jimas (ruduo)<\/span><\/a><\/span><\/h5>\n","protected":false},"excerpt":{"rendered":"<p>2012 &#8211; 2013 m.m. Foto archyvas 2013 06 10 Mokyklos aplinkos puosel\u0117jimas (vasara) 2013 06 07 Paskutinio skambu\u010dio \u0161vent\u0117 2013 06 06 I\u0161vyka \u012f Naisius 2013 06 05 I\u0161vyka \u012f \u0160iauli\u0173 gyv\u016bn\u0173 globos namus 2013 06 04 I\u0161vyka \u012f Kurtuv\u0117n\u0173 &hellip; <a href=\"https:\/\/ringuvos-sm.siauliai.lm.lt\/?page_id=2440\">Continue reading <span class=\"meta-nav\">&rarr;<\/span><\/a><\/p>\n","protected":false},"author":2,"featured_media":0,"parent":0,"menu_order":0,"comment_status":"closed","ping_status":"closed","template":"","meta":{"ngg_post_thumbnail":0,"footnotes":""},"class_list":["post-2440","page","type-page","status-publish","hentry"],"_links":{"self":[{"href":"https:\/\/ringuvos-sm.siauliai.lm.lt\/index.php?rest_route=\/wp\/v2\/pages\/2440","targetHints":{"allow":["GET"]}}],"collection":[{"href":"https:\/\/ringuvos-sm.siauliai.lm.lt\/index.php?rest_route=\/wp\/v2\/pages"}],"about":[{"href":"https:\/\/ringuvos-sm.siauliai.lm.lt\/index.php?rest_route=\/wp\/v2\/types\/page"}],"author":[{"embeddable":true,"href":"https:\/\/ringuvos-sm.siauliai.lm.lt\/index.php?rest_route=\/wp\/v2\/users\/2"}],"replies":[{"embeddable":true,"href":"https:\/\/ringuvos-sm.siauliai.lm.lt\/index.php?rest_route=%2Fwp%2Fv2%2Fcomments&post=2440"}],"version-history":[{"count":3,"href":"https:\/\/ringuvos-sm.siauliai.lm.lt\/index.php?rest_route=\/wp\/v2\/pages\/2440\/revisions"}],"predecessor-version":[{"id":2443,"href":"https:\/\/ringuvos-sm.siauliai.lm.lt\/index.php?rest_route=\/wp\/v2\/pages\/2440\/revisions\/2443"}],"wp:attachment":[{"href":"https:\/\/ringuvos-sm.siauliai.lm.lt\/index.php?rest_route=%2Fwp%2Fv2%2Fmedia&parent=2440"}],"curies":[{"name":"wp","href":"https:\/\/api.w.org\/{rel}","templated":true}]}}