{"id":367,"date":"2013-01-08T13:55:52","date_gmt":"2013-01-08T11:55:52","guid":{"rendered":"http:\/\/ringuvos.coral.lt\/?page_id=367"},"modified":"2026-03-06T19:53:55","modified_gmt":"2026-03-06T17:53:55","slug":"finansine-atskaitomybe","status":"publish","type":"page","link":"https:\/\/ringuvos-sm.siauliai.lm.lt\/?page_id=367","title":{"rendered":"Finansini\u0173 ataskait\u0173 rinkiniai"},"content":{"rendered":"<h6>&nbsp;<\/h6>\n<h5><span style=\"color: #008000;\">Finansin\u0117s ataskaitos 2025 m.<\/span><\/h5>\n<h6><span style=\"color: #000000;\">2025 pasibaigusi\u0173 met\u0173 finansini\u0173 ataskait\u0173 rinkinys <span style=\"color: #008000;\"><a style=\"color: #008000;\" href=\"https:\/\/ringuvos-sm.siauliai.lm.lt\/wp-content\/uploads\/2026\/03\/FAR-uz-2025-metus.zip\">zip<\/a><\/span><\/span><\/h6>\n<h6><span style=\"color: #000000;\">2025 met\u0173 IV-ojo ketvir\u010dio tarpinis finansini\u0173 ataskait\u0173 rinkinys<\/span><span style=\"color: #008000;\"> zip<\/span>&nbsp;<\/h6>\n<h6><span style=\"color: #000000;\">2025 met\u0173 III-ojo ketvir\u010dio tarpinis finansini\u0173 ataskait\u0173 rinkinys<\/span><a href=\"https:\/\/ringuvos-sm.siauliai.lm.lt\/wp-content\/uploads\/2026\/01\/FAR-2025-III-ketv.zip\"><span style=\"color: #008000;\"> zip<\/span>&nbsp;<\/a><\/h6>\n<h6><span style=\"color: #000000;\">2025 met\u0173 II-ojo ketvir\u010dio tarpinis finansini\u0173 ataskait\u0173 rinkinys<\/span><a href=\"https:\/\/ringuvos-sm.siauliai.lm.lt\/wp-content\/uploads\/2025\/09\/finansiniu-ataskaitu-rinkinys-FAR-II-ketv.zip\"><span style=\"color: #008000;\"> zip<\/span><\/a>&nbsp;<\/h6>\n<h6><span style=\"color: #000000;\">2025 met\u0173 I-ojo ketvir\u010dio tarpinis finansini\u0173 ataskait\u0173 rinkinys<\/span><span style=\"color: #008000;\"><a style=\"color: #008000;\" href=\"https:\/\/ringuvos-sm.siauliai.lm.lt\/wp-content\/uploads\/2025\/05\/2025m_iketv_likusiosataskaitospatalpinimuisvetain-1.zip\"> zip<\/a><\/span>&nbsp;<\/h6>\n<h5><span style=\"color: #008000;\">Finansin\u0117s ataskaitos 2024 m.<\/span><\/h5>\n<h6><span style=\"color: #000000;\">2024 pasibaigusi\u0173 met\u0173 finansini\u0173 ataskait\u0173 rinkinys&nbsp; <span style=\"color: #008000;\"><a style=\"color: #008000;\" href=\"https:\/\/ringuvos-sm.siauliai.lm.lt\/wp-content\/uploads\/2025\/03\/FAR-Ringuvos-mokykla-2024-12-31.pdf\">pdf&nbsp;<\/a><\/span> &nbsp; <span style=\"color: #008000;\"><a style=\"color: #008000;\" href=\"https:\/\/ringuvos-sm.siauliai.lm.lt\/wp-content\/uploads\/2025\/03\/AISKINAMASIS-RASTAS-Ringuvos-mokykla-2024-12-31-3-GALUTINIS.docx\">doc&nbsp;<\/a><\/span><\/span><\/h6>\n<h6><span style=\"color: #000000;\">2024 met\u0173 IV-ojo ketvir\u010dio finansini\u0173 ataskait\u0173 rinkinys <span style=\"color: #008000;\"><a style=\"color: #008000;\" href=\"https:\/\/ringuvos-sm.siauliai.lm.lt\/wp-content\/uploads\/2025\/05\/far.zip\">zip<\/a><\/span><\/span><\/h6>\n<h6><span style=\"color: #000000;\">2024 met\u0173 III-ojo ketvir\u010dio finansini\u0173 ataskait\u0173 rinkinys <span style=\"color: #008000;\"><a style=\"color: #008000;\" href=\"https:\/\/ringuvos-sm.siauliai.lm.lt\/wp-content\/uploads\/2024\/11\/2024-III-ketv-finansiniai-rinkiniai.zip\">zip<\/a><\/span><\/span><\/h6>\n<h6><span style=\"color: #000000;\">2024 met\u0173 II-ojo ketvir\u010dio finansini\u0173 ataskait\u0173 rinkinys <span style=\"color: #008000;\"><a style=\"color: #008000;\" href=\"https:\/\/ringuvos-sm.siauliai.lm.lt\/wp-content\/uploads\/2024\/11\/II-ketv.zip\">zip<\/a><\/span><\/span><\/h6>\n<h6><span style=\"color: #000000;\">2024 met\u0173 I-ojo ketvir\u010dio finansini\u0173 ataskait\u0173 rinkinys: <span style=\"color: #008000;\"><a style=\"color: #008000;\" href=\"https:\/\/ringuvos-sm.siauliai.lm.lt\/wp-content\/uploads\/2025\/01\/finansiniu-ataskaitu-rinkiniai2024-m.-I-ketv.zip\">zip<\/a><\/span><\/span><\/h6>\n<p>&nbsp;<\/p>\n<h5><span style=\"color: #008000;\">Finansin\u0117s ataskaitos 2023 m.<\/span><\/h5>\n<h6><span style=\"color: #000000;\">2023 met\u0173 IV-ojo ketvir\u010dio finansini\u0173 ataskait\u0173 rinkinys <span style=\"color: #008000;\"><a style=\"color: #008000;\" href=\"https:\/\/ringuvos-sm.siauliai.lm.lt\/wp-content\/uploads\/2024\/04\/RN_finansiniu-ataskaitu-rinkinys_2023-12-31.pdf\">pdf&nbsp;<\/a><\/span><\/span><\/h6>\n<h6><span style=\"color: #000000;\">2023 met\u0173 III-ojo ketvir\u010dio tarpinis&nbsp; &nbsp;finansini\u0173&nbsp; ataskait\u0173 rinkinys:<\/span><\/h6>\n<ul>\n<li>\n<h6><span style=\"color: #000000;\">Finansin\u0117s b\u016bkl\u0117s ataskaita 2023 m.&nbsp; III ketvirtis&nbsp; <a href=\"https:\/\/ringuvos-sm.siauliai.lm.lt\/wp-content\/uploads\/2023\/11\/Finansines-bukles-ataskaita-Ringuvos-mokykla-2023-09-30.xls\"><span style=\"color: #008000;\">pdf&nbsp;<\/span><\/a><\/span><\/h6>\n<\/li>\n<li>\n<h6><span style=\"color: #000000;\">Veiklos rezultat\u0173 ataskaita 2023 m.&nbsp; III ketvirtis <\/span>&nbsp;<a href=\"https:\/\/ringuvos-sm.siauliai.lm.lt\/wp-content\/uploads\/2023\/11\/Veiklos-rezultatu-ataskaita-Ringuvos-mokykla-2023-09-30.xls\"><span style=\"color: #008000;\"> pdf&nbsp;<\/span><\/a><\/h6>\n<\/li>\n<li>\n<h6><span style=\"color: #000000;\">Ai\u0161kinamasis ra\u0161tas Nr.3 <span style=\"color: #008000;\"><a style=\"color: #008000;\" href=\"https:\/\/ringuvos-sm.siauliai.lm.lt\/wp-content\/uploads\/2023\/11\/FAR-aiskinamasis-rastas-Ringuvos-mokykla-2023-09-30.doc\">doc<\/a>&nbsp;<\/span><\/span><\/h6>\n<\/li>\n<\/ul>\n<h6><span style=\"color: #000000;\">2023 met\u0173 II-ojo ketvir\u010dio tarpinis&nbsp; &nbsp;finansini\u0173&nbsp; ataskait\u0173 rinkinys:<\/span><\/h6>\n<ul>\n<li>\n<h6><span style=\"color: #000000;\">Finansin\u0117s b\u016bkl\u0117s ataskaita 2023 m.&nbsp; II ketvirtis&nbsp;<a href=\"https:\/\/ringuvos-sm.siauliai.lm.lt\/wp-content\/uploads\/2023\/11\/Finansines-bukles-ataskaita-Ringuvos-mokykla-2023-06-30.xls\"> <span style=\"color: #008000;\">pdf&nbsp;<\/span><\/a><\/span><\/h6>\n<\/li>\n<li>\n<h6><span style=\"color: #000000;\">Veiklos rezultat\u0173 ataskaita 2023 m.&nbsp; II ketvirtis <\/span>&nbsp;<a href=\"https:\/\/ringuvos-sm.siauliai.lm.lt\/wp-content\/uploads\/2023\/11\/Veiklos-rezultatu-ataskaita-Ringuvos-mokykla-2023-06-30.xls\"><span style=\"color: #008000;\"> pdf&nbsp;<\/span><\/a><\/h6>\n<\/li>\n<li>\n<h6><span style=\"color: #000000;\">Ai\u0161kinamasis ra\u0161tas Nr.3 <a href=\"https:\/\/ringuvos-sm.siauliai.lm.lt\/wp-content\/uploads\/2023\/11\/FAR-aiskinamasis-rastas-Ringuvos-mokykla-2023-06-30.doc\"><span style=\"color: #008000;\">doc&nbsp;<\/span><\/a><\/span><\/h6>\n<\/li>\n<\/ul>\n<h6><span style=\"color: #000000;\">2023 met\u0173 I-ojo ketvir\u010dio tarpinis&nbsp; &nbsp;finansini\u0173&nbsp; ataskait\u0173 rinkinys:<\/span><\/h6>\n<ul>\n<li>\n<h6><span style=\"color: #000000;\">Finansin\u0117s b\u016bkl\u0117s ataskaita 2023 m.&nbsp; I ketvirtis&nbsp; <a href=\"https:\/\/ringuvos-sm.siauliai.lm.lt\/wp-content\/uploads\/2023\/11\/Finansines-bukles-ataskaita-Ringuvos-mokykla-2023-03-31.xls\"><span style=\"color: #008000;\">pdf&nbsp;<\/span><\/a><\/span><\/h6>\n<\/li>\n<li>\n<h6><span style=\"color: #000000;\">Veiklos rezultat\u0173 ataskaita 2023 m.&nbsp; I ketvirtis&nbsp;<\/span><a href=\"https:\/\/ringuvos-sm.siauliai.lm.lt\/wp-content\/uploads\/2023\/11\/Veiklos-rezultatu-ataskaita-Ringuvos-mokykla-2023-03-31.xls\">&nbsp;<span style=\"color: #008000;\"> pdf&nbsp;<\/span><\/a><\/h6>\n<\/li>\n<li>\n<h6><span style=\"color: #000000;\">Ai\u0161kinamasis ra\u0161tas Nr.3<a href=\"https:\/\/ringuvos-sm.siauliai.lm.lt\/wp-content\/uploads\/2023\/11\/FAR-aiskinamasis-rastas-Ringuvos-mokykla-2023-03-31.doc\"> <span style=\"color: #008000;\">doc&nbsp;<\/span><\/a><\/span><\/h6>\n<\/li>\n<\/ul>\n<h5><span style=\"color: #008000;\">Finansin\u0117s ataskaitos 2022 m.<\/span><\/h5>\n<h6><span style=\"color: #000000;\">2022 met\u0173 metinis finansini\u0173&nbsp; ataskait\u0173 rinkinys:<\/span><\/h6>\n<ul>\n<li>\n<h6><span style=\"color: #000000;\">Finansini\u0173 ataskait\u0173 rinkinys 2022 m <span style=\"color: #008000;\"><a style=\"color: #008000;\" href=\"https:\/\/ringuvos-sm.siauliai.lm.lt\/wp-content\/uploads\/2023\/06\/FARRinguvosmokykla2022-12-31.pdf\">pdf&nbsp;<\/a><\/span><\/span><\/h6>\n<\/li>\n<li>\n<h6><span style=\"color: #000000;\">Ai\u0161kinamasis ra\u0161tas&nbsp; <span style=\"color: #008000;\"><a style=\"color: #008000;\" href=\"https:\/\/ringuvos-sm.siauliai.lm.lt\/wp-content\/uploads\/2023\/06\/AISKINAMASIS-RASTAS-Ringuvos-mokykla-2022-12-31.docx\">doc&nbsp;<\/a><\/span><\/span><\/h6>\n<\/li>\n<\/ul>\n<h6><span style=\"color: #000000;\">2022 &#8211; 3 ketvirtis <span style=\"color: #008000;\"><a style=\"color: #008000;\" href=\"https:\/\/ringuvos-sm.siauliai.lm.lt\/wp-content\/uploads\/2022\/11\/finansines-atask-2022-III.7z\">&nbsp;zip<\/a><\/span><\/span><\/h6>\n<h6><span style=\"color: #000000;\">2022 &#8211; 2 ketvirtis <span style=\"color: #008000;\"><a style=\"color: #008000;\" href=\"https:\/\/ringuvos-sm.siauliai.lm.lt\/wp-content\/uploads\/2022\/11\/finansines-atask-2022-II.7z\">&nbsp;zip<\/a><\/span><\/span><\/h6>\n<h6><span style=\"color: #000000;\">2022 &#8211; 1 ketvirtis <span style=\"color: #008000;\"><a style=\"color: #008000;\" href=\"https:\/\/ringuvos-sm.siauliai.lm.lt\/wp-content\/uploads\/2022\/11\/finansines-atask-2022-I.7z\">zip<\/a><\/span>&nbsp;<\/span><\/h6>\n<hr>\n<h6><span style=\"color: #000000;\">2021- 4 ketvirtis&nbsp;<span style=\"color: #008000;\"> <a style=\"color: #008000;\" href=\"https:\/\/ringuvos-sm.siauliai.lm.lt\/wp-content\/uploads\/2022\/11\/finansines-atask-2021-IV.7z\">zip<\/a><\/span><\/span><\/h6>\n<h6><span style=\"color: #000000;\">2021 &#8211; 3 ketvirtis&nbsp;<span style=\"color: #008000;\"><a style=\"color: #008000;\" href=\"https:\/\/ringuvos-sm.siauliai.lm.lt\/wp-content\/uploads\/2022\/11\/finansines-atask-2021-III.7z\"> zip<\/a><\/span><\/span><\/h6>\n<h6><span style=\"color: #000000;\">2021 &#8211; 2 ketvirtis <span style=\"color: #008000;\"><a style=\"color: #008000;\" href=\"https:\/\/ringuvos-sm.siauliai.lm.lt\/wp-content\/uploads\/2022\/11\/finansines-atask-2021-II.7z\">zip<\/a>&nbsp;<\/span><\/span><\/h6>\n<h6><span style=\"color: #000000;\">2021 &#8211; 1 ketvirtis<span style=\"color: #008000;\"><a style=\"color: #008000;\" href=\"https:\/\/ringuvos-sm.siauliai.lm.lt\/wp-content\/uploads\/2022\/11\/finansines-atask-2021-I.7z\"> zip<\/a><\/span><\/span><\/h6>\n<hr>\n<h6><span style=\"color: #000000;\">2020- u\u017e metus&nbsp; <span style=\"color: #008000;\"><a style=\"color: #008000;\" href=\"https:\/\/ringuvos-sm.siauliai.lm.lt\/wp-content\/uploads\/2021\/03\/DownloadPrintResult.ashx-1.pdf\">pdf&nbsp;<\/a> &nbsp;<a style=\"color: #008000;\" href=\"https:\/\/ringuvos-sm.siauliai.lm.lt\/wp-content\/uploads\/2021\/03\/Aikinamasis-ratas-prie-2020-m.-metinio-ataskait-rinkinio-1.doc\">doc<\/a><\/span><\/span><\/h6>\n<h6><span style=\"color: #000000;\">2020 &#8211; 3 ketvirtis&nbsp;<span style=\"color: #008000;\"><a style=\"color: #008000;\" href=\"https:\/\/ringuvos-sm.siauliai.lm.lt\/wp-content\/uploads\/2020\/11\/finansinataskaita.zip\"> zip&nbsp;<\/a><\/span><\/span><\/h6>\n<h6><span style=\"color: #000000;\">2020 &#8211; 2 ketvirtis&nbsp;<span style=\"color: #008000;\"> &nbsp; <a style=\"color: #008000;\" href=\"https:\/\/ringuvos-sm.siauliai.lm.lt\/wp-content\/uploads\/2020\/08\/II-Ketv.-finans\u0173-atask.2020-06-30.xls\">&nbsp;exl<\/a><\/span><\/span><\/h6>\n<h6><span style=\"color: #000000;\">2020 &#8211; 1 ketvirtis&nbsp;<span style=\"color: #008000;\"><a style=\"color: #008000;\" href=\"https:\/\/ringuvos-sm.siauliai.lm.lt\/wp-content\/uploads\/2020\/05\/Ketv.-finans\u0173-atask.pdf\"> pdf&nbsp;&nbsp;<\/a> <a style=\"color: #008000;\" href=\"https:\/\/ringuvos-sm.siauliai.lm.lt\/wp-content\/uploads\/2020\/05\/Aiskinamasis-rastas-2020.03.31-FA.doc\">doc<\/a>&nbsp; &nbsp; <a style=\"color: #008000;\" href=\"https:\/\/ringuvos-sm.siauliai.lm.lt\/wp-content\/uploads\/2020\/08\/I-Ketv.-finans\u0173-atask.2020-03-31.xls\">exl<\/a><\/span><\/span><\/h6>\n<hr>\n<h6><span style=\"color: #000000;\">2019- u\u017e metus<span style=\"color: #008000;\"> <a style=\"color: #008000;\" href=\"https:\/\/ringuvos-sm.siauliai.lm.lt\/wp-content\/uploads\/2020\/04\/Aikinamasis-ratas-prie-2019-m.-metinio-ataskait-rinkinio.pdf\">pdf&nbsp;<\/a> <a style=\"color: #008000;\" href=\"https:\/\/ringuvos-sm.siauliai.lm.lt\/wp-content\/uploads\/2020\/04\/Finansini\u0173-ataskait\u0173-rinkinys-2019.pdf\">pdf&nbsp;<\/a><\/span><\/span><\/h6>\n<h6><span style=\"color: #000000;\">2019 &#8211; 3 ketvirtis<\/span> <span style=\"color: #008000;\"><a style=\"color: #008000;\" href=\"https:\/\/ringuvos-sm.siauliai.lm.lt\/wp-content\/uploads\/2019\/10\/Ketv.-finans\u0173-atask.2019-09-30-FA.pdf\">pdf&nbsp;<\/a> <a style=\"color: #008000;\" href=\"https:\/\/ringuvos-sm.siauliai.lm.lt\/wp-content\/uploads\/2019\/10\/Aiskinamasis-rastas-2019-09.30-FA.pdf\">pdf&nbsp;<\/a><\/span><\/h6>\n<h6><span style=\"color: #000000;\">2019 &#8211; 2 ketvirtis<\/span> <span style=\"color: #008000;\"><a style=\"color: #008000;\" href=\"https:\/\/ringuvos-sm.siauliai.lm.lt\/wp-content\/uploads\/2019\/08\/Ketv.-finans\u0173-atask.2019-06-30....xls\">exl<\/a><\/span><\/h6>\n<h6><span style=\"color: #000000;\">2019 &#8211; 1 ketvirtis <span style=\"color: #008000;\"><a style=\"color: #008000;\" href=\"https:\/\/ringuvos-sm.siauliai.lm.lt\/wp-content\/uploads\/2019\/08\/Ketv.-finans\u0173-atask.2019-06-30...-1.xls\">exl<\/a><\/span><\/span><\/h6>\n<h5 style=\"text-align: justify;\">&nbsp;<\/h5>\n\n\n<p><\/p>\n","protected":false},"excerpt":{"rendered":"<p>&nbsp; Finansin\u0117s ataskaitos 2025 m. 2025 pasibaigusi\u0173 met\u0173 finansini\u0173 ataskait\u0173 rinkinys zip 2025 met\u0173 IV-ojo ketvir\u010dio tarpinis finansini\u0173 ataskait\u0173 rinkinys zip&nbsp; 2025 met\u0173 III-ojo ketvir\u010dio tarpinis finansini\u0173 ataskait\u0173 rinkinys zip&nbsp; 2025 met\u0173 II-ojo ketvir\u010dio tarpinis finansini\u0173 ataskait\u0173 rinkinys zip&nbsp; 2025 &hellip; <a href=\"https:\/\/ringuvos-sm.siauliai.lm.lt\/?page_id=367\">Continue reading <span class=\"meta-nav\">&rarr;<\/span><\/a><\/p>\n","protected":false},"author":2,"featured_media":0,"parent":0,"menu_order":0,"comment_status":"closed","ping_status":"closed","template":"","meta":{"ngg_post_thumbnail":0,"footnotes":""},"class_list":["post-367","page","type-page","status-publish","hentry"],"_links":{"self":[{"href":"https:\/\/ringuvos-sm.siauliai.lm.lt\/index.php?rest_route=\/wp\/v2\/pages\/367","targetHints":{"allow":["GET"]}}],"collection":[{"href":"https:\/\/ringuvos-sm.siauliai.lm.lt\/index.php?rest_route=\/wp\/v2\/pages"}],"about":[{"href":"https:\/\/ringuvos-sm.siauliai.lm.lt\/index.php?rest_route=\/wp\/v2\/types\/page"}],"author":[{"embeddable":true,"href":"https:\/\/ringuvos-sm.siauliai.lm.lt\/index.php?rest_route=\/wp\/v2\/users\/2"}],"replies":[{"embeddable":true,"href":"https:\/\/ringuvos-sm.siauliai.lm.lt\/index.php?rest_route=%2Fwp%2Fv2%2Fcomments&post=367"}],"version-history":[{"count":115,"href":"https:\/\/ringuvos-sm.siauliai.lm.lt\/index.php?rest_route=\/wp\/v2\/pages\/367\/revisions"}],"predecessor-version":[{"id":21313,"href":"https:\/\/ringuvos-sm.siauliai.lm.lt\/index.php?rest_route=\/wp\/v2\/pages\/367\/revisions\/21313"}],"wp:attachment":[{"href":"https:\/\/ringuvos-sm.siauliai.lm.lt\/index.php?rest_route=%2Fwp%2Fv2%2Fmedia&parent=367"}],"curies":[{"name":"wp","href":"https:\/\/api.w.org\/{rel}","templated":true}]}}