{"id":9084,"date":"2017-01-22T19:57:41","date_gmt":"2017-01-22T17:57:41","guid":{"rendered":"https:\/\/ringuvos-sm.siauliai.lm.lt\/?page_id=9084"},"modified":"2021-05-24T22:45:54","modified_gmt":"2021-05-24T20:45:54","slug":"informacijos-rodykle","status":"publish","type":"page","link":"https:\/\/ringuvos-sm.siauliai.lm.lt\/?page_id=9084","title":{"rendered":"Informacijos  rodykl\u0117"},"content":{"rendered":"<h5 style=\"text-align: justify;\"><strong>Informacijos rodykl\u0117&nbsp;<\/strong><\/h5>\n<h5 style=\"text-align: justify;\"><span style=\"color: #000000;\"><span style=\"color: #008000;\">Horizontalus meniu<\/span>:<\/span><\/h5>\n<h5 style=\"text-align: justify;\"><span style=\"color: #000000;\">1. <a style=\"color: #000000;\" href=\"https:\/\/ringuvos-sm.siauliai.lm.lt\/?cat=1\">Naujienos<\/a> <\/span><\/h5>\n<h5 style=\"text-align: justify;\"><span style=\"color: #000000;\">2. Strukt\u016bra ir kontaktai <\/span><\/h5>\n<ul style=\"text-align: justify;\">\n<li>\n<h5><span style=\"color: #000000;\"><a style=\"color: #000000;\" href=\"https:\/\/ringuvos-sm.siauliai.lm.lt\/?page_id=8945\">Administracija<\/a> <\/span><\/h5>\n<\/li>\n<li>\n<h5><span style=\"color: #000000;\"><a style=\"color: #000000;\" href=\"https:\/\/ringuvos-sm.siauliai.lm.lt\/?page_id=131\">Valdymo strukt\u016bros schema<\/a> <\/span><\/h5>\n<\/li>\n<li>\n<h5><span style=\"color: #000000;\"><a style=\"color: #000000;\" href=\"https:\/\/ringuvos-sm.siauliai.lm.lt\/?page_id=3202\">Pedagoginiai darbuotojai<\/a> <\/span><\/h5>\n<\/li>\n<li>\n<h5><span style=\"color: #000000;\"><a style=\"color: #000000;\" href=\"https:\/\/ringuvos-sm.siauliai.lm.lt\/?page_id=9000\">Klasi\u0173 vadovai<\/a> <\/span><\/h5>\n<\/li>\n<li>\n<h5><span style=\"color: #000000;\"><a style=\"color: #000000;\" href=\"https:\/\/ringuvos-sm.siauliai.lm.lt\/?page_id=336\">Nepedagoginiai darbuotojai<\/a> <\/span><\/h5>\n<\/li>\n<li>\n<h5><span style=\"color: #000000;\"><a style=\"color: #000000;\" href=\"https:\/\/ringuvos-sm.siauliai.lm.lt\/?page_id=344\">Savivalda<\/a> <\/span><\/h5>\n<\/li>\n<li>\n<h5><span style=\"color: #000000;\"><a style=\"color: #000000;\" href=\"https:\/\/ringuvos-sm.siauliai.lm.lt\/?page_id=1605\">Komisijos ir darbo grup\u0117s<\/a> <\/span><\/h5>\n<\/li>\n<li>\n<h5><span style=\"color: #000000;\"><a style=\"color: #000000;\" href=\"https:\/\/ringuvos-sm.siauliai.lm.lt\/?page_id=346\">Metodin\u0117s grup\u0117s<\/a> <\/span><\/h5>\n<\/li>\n<li><span style=\"color: #000000;\"><a style=\"color: #000000;\" href=\"https:\/\/ringuvos-sm.siauliai.lm.lt\/?page_id=10631\">Darbuotoj\u0173 pareigybi\u0173 apra\u0161ymai<\/a><\/span><\/li>\n<\/ul>\n<h5 style=\"text-align: justify;\"><span style=\"color: #000000;\">3. Veiklos sritys <\/span><\/h5>\n<ul style=\"text-align: justify;\">\n<li>\n<h5><span style=\"color: #000000;\"><a style=\"color: #000000;\" href=\"https:\/\/ringuvos-sm.siauliai.lm.lt\/?page_id=8984\">Vadov\u0173 darbotvark\u0117<\/a><\/span><\/h5>\n<\/li>\n<li>\n<h5><span style=\"color: #000000;\"><a style=\"color: #000000;\" href=\"https:\/\/ringuvos-sm.siauliai.lm.lt\/?page_id=355\">Veiklos dokumentai<\/a> <\/span><\/h5>\n<\/li>\n<li>\n<h5><span style=\"color: #000000;\"><a style=\"color: #000000;\" href=\"https:\/\/ringuvos-sm.siauliai.lm.lt\/?page_id=382\">Veiklos kokyb\u0117s \u012fsivertinimas<\/a> <\/span><\/h5>\n<\/li>\n<li>\n<h5><span style=\"color: #000000;\"><a style=\"color: #000000;\" href=\"https:\/\/ringuvos-sm.siauliai.lm.lt\/?page_id=359\">Formalusis ugdymas<\/a> <\/span><\/h5>\n<\/li>\n<li>\n<h5><span style=\"color: #000000;\"><a style=\"color: #000000;\" href=\"https:\/\/ringuvos-sm.siauliai.lm.lt\/?page_id=361\">Neformalus ugdymas<\/a> <\/span><\/h5>\n<\/li>\n<li>\n<h5><span style=\"color: #000000;\"><a style=\"color: #000000;\" href=\"https:\/\/ringuvos-sm.siauliai.lm.lt\/?page_id=363\">\u0160vietimo pagalba<\/a> <\/span><\/h5>\n<\/li>\n<li>\n<h5><span style=\"color: #000000;\"><a style=\"color: #000000;\" href=\"https:\/\/ringuvos-sm.siauliai.lm.lt\/?page_id=348\">Projektai<\/a> <\/span><\/h5>\n<\/li>\n<\/ul>\n<h5 style=\"text-align: justify;\"><span style=\"color: #000000;\">4. Administracin\u0117 informacija <\/span><\/h5>\n<ul style=\"text-align: justify;\">\n<li>\n<h5><span style=\"color: #000000;\"><a style=\"color: #000000;\" href=\"https:\/\/ringuvos-sm.siauliai.lm.lt\/?page_id=30\">Apie mus<\/a> <\/span><\/h5>\n<\/li>\n<li>\n<h5><span style=\"color: #000000;\"><a style=\"color: #000000;\" href=\"https:\/\/ringuvos-sm.siauliai.lm.lt\/?page_id=386\">Laisvos darbo vietos<\/a> <\/span><\/h5>\n<\/li>\n<li>\n<h5><span style=\"color: #000000;\"><a style=\"color: #000000;\" href=\"https:\/\/ringuvos-sm.siauliai.lm.lt\/?page_id=357\">Mokini\u0173 pri\u0117mimas<\/a> <\/span><\/h5>\n<\/li>\n<li>\n<h5><span style=\"color: #000000;\"><a style=\"color: #000000;\" href=\"https:\/\/ringuvos-sm.siauliai.lm.lt\/?page_id=9036\">Socialiniai partneriai&nbsp;<\/a><\/span><\/h5>\n<\/li>\n<li>\n<h5><span style=\"color: #000000;\"><a style=\"color: #000000;\" href=\"https:\/\/ringuvos-sm.siauliai.lm.lt\/?page_id=9036\">Vie\u0161ieji pirkimai<\/a> <\/span><\/h5>\n<\/li>\n<li>\n<h5><span style=\"color: #000000;\"><a style=\"color: #000000;\" href=\"https:\/\/ringuvos-sm.siauliai.lm.lt\/?page_id=369\">Darbo u\u017emokestis<\/a> <\/span><\/h5>\n<\/li>\n<li>\n<h5><span style=\"color: #000000;\"><a style=\"color: #000000;\" href=\"https:\/\/ringuvos-sm.siauliai.lm.lt\/?page_id=9027\">Biud\u017eeto vykdymo ataskait\u0173 rinkiniai<\/a><\/span><\/h5>\n<\/li>\n<li>\n<h5><span style=\"color: #000000;\"><a style=\"color: #000000;\" href=\"https:\/\/ringuvos-sm.siauliai.lm.lt\/?page_id=367\">Finansini\u0173 ataskait\u0173 rinkiniai<\/a><\/span><\/h5>\n<\/li>\n<li>\n<h5><span style=\"color: #000000;\"><a style=\"color: #000000;\" href=\"https:\/\/ringuvos-sm.siauliai.lm.lt\/?page_id=9061\">\u016akio subjekt\u0173 prie\u017ei\u016bra<\/a><\/span><\/h5>\n<\/li>\n<li>\n<h5><span style=\"color: #000000;\"><a style=\"color: #000000;\" href=\"https:\/\/ringuvos-sm.siauliai.lm.lt\/?page_id=9061\">Korupcijos prevencija<\/a><\/span><\/h5>\n<\/li>\n<li>\n<h5><span style=\"color: #000000;\"><a style=\"color: #000000;\" href=\"https:\/\/ringuvos-sm.siauliai.lm.lt\/?page_id=9030\">Tarnybiniai automobiliai<\/a><\/span><\/h5>\n<\/li>\n<li>\n<h5><span style=\"color: #000000;\"><a style=\"color: #000000;\" href=\"https:\/\/ringuvos-sm.siauliai.lm.lt\/?page_id=1501\">Parama<\/a><\/span><\/h5>\n<\/li>\n<li><span style=\"color: #000000;\"><a style=\"color: #000000;\" href=\"https:\/\/ringuvos-sm.siauliai.lm.lt\/?page_id=13625\">Civilin\u0117 sauga&nbsp;<\/a><\/span><\/li>\n<\/ul>\n<h5 style=\"text-align: justify;\"><span style=\"color: #000000;\">5. <a style=\"color: #000000;\" href=\"https:\/\/ringuvos-sm.siauliai.lm.lt\/?page_id=365\">Paslaugos<\/a> <\/span><\/h5>\n<ul>\n<li>\n<h5>&nbsp;<span style=\"color: #000000;\"><a style=\"color: #000000;\" href=\"https:\/\/ringuvos-sm.siauliai.lm.lt\/?page_id=15386\">Mokykloje teikiamos paslaugos<\/a>&nbsp;<\/span><\/h5>\n<\/li>\n<li>\n<h5><span style=\"color: #000000;\"><a style=\"color: #000000;\" href=\"https:\/\/ringuvos-sm.siauliai.lm.lt\/?page_id=15365\">Maitinimas&nbsp;<\/a><\/span><\/h5>\n<\/li>\n<\/ul>\n<h5><span style=\"color: #000000;\">6. <a style=\"color: #000000;\" href=\"https:\/\/ringuvos-sm.siauliai.lm.lt\/?page_id=13214\">Teisin\u0117 informacija&nbsp;<\/a><\/span><\/h5>\n<h5><span style=\"color: #000000;\">7. <a style=\"color: #000000;\" href=\"https:\/\/ringuvos-sm.siauliai.lm.lt\/?page_id=11999\">Kontaktai<\/a>&nbsp;<\/span><\/h5>\n<h5><span style=\"color: #000000;\">8.<a style=\"color: #000000;\" href=\"https:\/\/ringuvos-sm.siauliai.lm.lt\/?page_id=9084\"> Informacijos rodykl\u0117&nbsp;<\/a><\/span><\/h5>\n<p>&nbsp;<\/p>\n<p>&nbsp;<\/p>\n<h5 style=\"text-align: justify;\"><span style=\"color: #008000;\"><strong>Vertikalus &nbsp;meniu (kair\u0117):<\/strong><\/span><\/h5>\n<ol>\n<li>\n<h5><a href=\"https:\/\/ringuvos-sm.siauliai.lm.lt\/?page_id=357\"><span style=\"color: #000000;\">Mokini\u0173 pri\u0117mimas&nbsp;<\/span><\/a><\/h5>\n<\/li>\n<li>\n<h5><span style=\"color: #000000;\"><a style=\"color: #000000;\" href=\"https:\/\/ringuvos-sm.siauliai.lm.lt\/?page_id=15422\">Svarbiausia informacija apie Coronavirus (Covid-19)<\/a>&nbsp;<\/span><\/h5>\n<\/li>\n<li>\n<h5><a href=\"https:\/\/ringuvos-sm.siauliai.lm.lt\/?page_id=14364\"><span style=\"color: #000000;\">Nuotolinis mokymas<\/span><\/a><\/h5>\n<\/li>\n<li>\n<h5><a href=\"https:\/\/ringuvos-sm.siauliai.lm.lt\/?page_id=887\"><span style=\"color: #000000;\">Tvarkara\u0161\u010diai&nbsp;<\/span><\/a><\/h5>\n<\/li>\n<li>\n<h5><a href=\"https:\/\/ringuvos-sm.siauliai.lm.lt\/?page_id=389\"><span style=\"color: #000000;\">Dokument\u0173 formos&nbsp;<\/span><\/a><\/h5>\n<\/li>\n<li>\n<h5><a href=\"https:\/\/ringuvos-sm.siauliai.lm.lt\/?page_id=22\"><span style=\"color: #000000;\">Mokinio taisykl\u0117s&nbsp;<\/span><\/a><\/h5>\n<\/li>\n<li>\n<h5><span style=\"color: #000000;\">Pamok\u0173 laikas&nbsp;<\/span><\/h5>\n<\/li>\n<li>\n<h5><a href=\"https:\/\/ringuvos-sm.siauliai.lm.lt\/?page_id=17018\"><span style=\"color: #000000;\">Parama 1,2 %<\/span><\/a><\/h5>\n<\/li>\n<li>\n<h5><a href=\"https:\/\/ringuvos-sm.siauliai.lm.lt\/?page_id=14759\"><span style=\"color: #000000;\">\u0160VSB info<\/span><\/a><\/h5>\n<\/li>\n<li>\n<h5><a href=\"https:\/\/ringuvos-sm.siauliai.lm.lt\/?page_id=348\"><span style=\"color: #000000;\">Projektai&nbsp;<\/span><\/a><\/h5>\n<\/li>\n<\/ol>\n<p>&nbsp;<\/p>\n<h5 style=\"text-align: justify;\"><span style=\"color: #008000;\"><strong>Vertikalus &nbsp;meniu (de\u0161in\u0117):<\/strong><\/span><\/h5>\n<ol>\n<li>\n<h5><span style=\"color: #000000;\"><a style=\"color: #000000;\" href=\"https:\/\/ringuvos-sm.siauliai.lm.lt\/?page_id=9\">Veikl\u0173 kalendorius&nbsp;<\/a><\/span><\/h5>\n<\/li>\n<li>\n<h5><span style=\"color: #000000;\"><a style=\"color: #000000;\" href=\"https:\/\/ringuvos-sm.siauliai.lm.lt\/?page_id=17185\">Mokyklos sporto sal\u0117s ir aik\u0161tyno u\u017eimtumo kalendorius&nbsp;<\/a><\/span><\/h5>\n<\/li>\n<li>\n<h5><span style=\"color: #000000;\"><a style=\"color: #000000;\" href=\"https:\/\/www.tamo.lt\/\">Tamo dienynas<\/a>&nbsp;<\/span><\/h5>\n<\/li>\n<li>\n<h5><a href=\"https:\/\/www.office.com\/\"><span style=\"color: #000000;\">Microsoft 365<\/span><\/a><\/h5>\n<\/li>\n<li>\n<h5><span style=\"color: #000000;\"><a style=\"color: #000000;\" href=\"https:\/\/ringuvos-sm.siauliai.lm.lt\/?page_id=14745\">Virtuali ekskursija po mokykl\u0105&nbsp;<\/a><\/span><\/h5>\n<\/li>\n<li>\n<h5><span style=\"color: #000000;\"><a style=\"color: #000000;\" href=\"https:\/\/www.facebook.com\/%C5%A0iauli%C5%B3-Ringuvos-mokykla-1674961069459011\/\">FB paskyra&nbsp;<\/a><\/span><\/h5>\n<\/li>\n<li>\n<h5><span style=\"color: #000000;\"><a style=\"color: #000000;\" href=\"https:\/\/ringuvos-sm.siauliai.lm.lt\/?page_id=38\">Foto galerija&nbsp;<\/a><\/span><\/h5>\n<\/li>\n<li>\n<h5><span style=\"color: #000000;\">Aktual\u016bs logotipai&nbsp;<\/span><\/h5>\n<\/li>\n<\/ol>\n<h5 style=\"text-align: justify;\">&nbsp;<\/h5>\n","protected":false},"excerpt":{"rendered":"<p>Informacijos rodykl\u0117&nbsp; Horizontalus meniu: 1. Naujienos 2. Strukt\u016bra ir kontaktai Administracija Valdymo strukt\u016bros schema Pedagoginiai darbuotojai Klasi\u0173 vadovai Nepedagoginiai darbuotojai Savivalda Komisijos ir darbo grup\u0117s Metodin\u0117s grup\u0117s Darbuotoj\u0173 pareigybi\u0173 apra\u0161ymai 3. Veiklos sritys Vadov\u0173 darbotvark\u0117 Veiklos dokumentai Veiklos kokyb\u0117s \u012fsivertinimas &hellip; <a href=\"https:\/\/ringuvos-sm.siauliai.lm.lt\/?page_id=9084\">Continue reading <span class=\"meta-nav\">&rarr;<\/span><\/a><\/p>\n","protected":false},"author":2,"featured_media":0,"parent":0,"menu_order":0,"comment_status":"closed","ping_status":"closed","template":"","meta":{"ngg_post_thumbnail":0,"footnotes":""},"class_list":["post-9084","page","type-page","status-publish","hentry"],"_links":{"self":[{"href":"https:\/\/ringuvos-sm.siauliai.lm.lt\/index.php?rest_route=\/wp\/v2\/pages\/9084","targetHints":{"allow":["GET"]}}],"collection":[{"href":"https:\/\/ringuvos-sm.siauliai.lm.lt\/index.php?rest_route=\/wp\/v2\/pages"}],"about":[{"href":"https:\/\/ringuvos-sm.siauliai.lm.lt\/index.php?rest_route=\/wp\/v2\/types\/page"}],"author":[{"embeddable":true,"href":"https:\/\/ringuvos-sm.siauliai.lm.lt\/index.php?rest_route=\/wp\/v2\/users\/2"}],"replies":[{"embeddable":true,"href":"https:\/\/ringuvos-sm.siauliai.lm.lt\/index.php?rest_route=%2Fwp%2Fv2%2Fcomments&post=9084"}],"version-history":[{"count":21,"href":"https:\/\/ringuvos-sm.siauliai.lm.lt\/index.php?rest_route=\/wp\/v2\/pages\/9084\/revisions"}],"predecessor-version":[{"id":17371,"href":"https:\/\/ringuvos-sm.siauliai.lm.lt\/index.php?rest_route=\/wp\/v2\/pages\/9084\/revisions\/17371"}],"wp:attachment":[{"href":"https:\/\/ringuvos-sm.siauliai.lm.lt\/index.php?rest_route=%2Fwp%2Fv2%2Fmedia&parent=9084"}],"curies":[{"name":"wp","href":"https:\/\/api.w.org\/{rel}","templated":true}]}}