{"id":9092,"date":"2017-01-22T21:10:06","date_gmt":"2017-01-22T19:10:06","guid":{"rendered":"https:\/\/ringuvos-sm.siauliai.lm.lt\/?page_id=9092"},"modified":"2021-09-18T08:59:17","modified_gmt":"2021-09-18T06:59:17","slug":"struktura-ir-kontaktai","status":"publish","type":"page","link":"https:\/\/ringuvos-sm.siauliai.lm.lt\/?page_id=9092","title":{"rendered":"Strukt\u016bra ir kontaktai"},"content":{"rendered":"<p>&nbsp;<\/p>\n<h5>&nbsp;<\/h5>\n<ul>\n<li>\n<h5><span style=\"color: #000000;\"><a style=\"color: #000000;\" href=\"https:\/\/ringuvos-sm.siauliai.lm.lt\/?page_id=8945\">Administracija&nbsp;<\/a> <\/span><\/h5>\n<\/li>\n<\/ul>\n<h4><span style=\"color: #008000;\"><a style=\"color: #008000;\" href=\"https:\/\/ringuvos-sm.siauliai.lm.lt\/?page_id=9\"><strong>Vadov\u0173 darbotvark\u0117, atostogos, komandiruot\u0117s, nedarbingumas<\/strong>&nbsp;<span style=\"color: #993300;\">&nbsp;<strong>\u010dia<\/strong><\/span><\/a><\/span><\/h4>\n<p>&nbsp;<\/p>\n<ul>\n<li>\n<h5><span style=\"color: #000000;\"><a style=\"color: #000000;\" href=\"https:\/\/ringuvos-sm.siauliai.lm.lt\/?page_id=131\">Valdymo strukt\u016bros schema<\/a> <\/span><\/h5>\n<\/li>\n<li>\n<h5><span style=\"color: #000000;\"><a style=\"color: #000000;\" href=\"https:\/\/ringuvos-sm.siauliai.lm.lt\/?page_id=3202\">Pedagoginiai darbuotojai<\/a> <\/span><\/h5>\n<\/li>\n<li>\n<h5><span style=\"color: #000000;\"><a style=\"color: #000000;\" href=\"https:\/\/ringuvos-sm.siauliai.lm.lt\/?page_id=9000\">Klasi\u0173 vadovai<\/a> <\/span><\/h5>\n<\/li>\n<li>\n<h5><span style=\"color: #000000;\"><a style=\"color: #000000;\" href=\"https:\/\/ringuvos-sm.siauliai.lm.lt\/?page_id=344\">Savivalda<\/a> <\/span><\/h5>\n<\/li>\n<li>\n<h5><span style=\"color: #000000;\"><a style=\"color: #000000;\" href=\"https:\/\/ringuvos-sm.siauliai.lm.lt\/?page_id=1605\">Komisijos ir darbo grup\u0117s<\/a> <\/span><\/h5>\n<\/li>\n<li>\n<h5><span style=\"color: #000000;\"><a style=\"color: #000000;\" href=\"https:\/\/ringuvos-sm.siauliai.lm.lt\/?page_id=346\">Metodin\u0117s grup\u0117s<\/a> <\/span><\/h5>\n<\/li>\n<li>\n<h5><span style=\"color: #000000;\"><a style=\"color: #000000;\" href=\"https:\/\/ringuvos-sm.siauliai.lm.lt\/?page_id=10631\">Darbuotoj\u0173 pareigybi\u0173 apra\u0161ai&nbsp;<\/a><\/span><\/h5>\n<\/li>\n<\/ul>\n","protected":false},"excerpt":{"rendered":"<p>&nbsp; &nbsp; Administracija&nbsp; Vadov\u0173 darbotvark\u0117, atostogos, komandiruot\u0117s, nedarbingumas&nbsp;&nbsp;\u010dia &nbsp; Valdymo strukt\u016bros schema Pedagoginiai darbuotojai Klasi\u0173 vadovai Savivalda Komisijos ir darbo grup\u0117s Metodin\u0117s grup\u0117s Darbuotoj\u0173 pareigybi\u0173 apra\u0161ai&nbsp;<\/p>\n","protected":false},"author":2,"featured_media":0,"parent":0,"menu_order":0,"comment_status":"closed","ping_status":"closed","template":"","meta":{"ngg_post_thumbnail":0,"footnotes":""},"class_list":["post-9092","page","type-page","status-publish","hentry"],"_links":{"self":[{"href":"https:\/\/ringuvos-sm.siauliai.lm.lt\/index.php?rest_route=\/wp\/v2\/pages\/9092","targetHints":{"allow":["GET"]}}],"collection":[{"href":"https:\/\/ringuvos-sm.siauliai.lm.lt\/index.php?rest_route=\/wp\/v2\/pages"}],"about":[{"href":"https:\/\/ringuvos-sm.siauliai.lm.lt\/index.php?rest_route=\/wp\/v2\/types\/page"}],"author":[{"embeddable":true,"href":"https:\/\/ringuvos-sm.siauliai.lm.lt\/index.php?rest_route=\/wp\/v2\/users\/2"}],"replies":[{"embeddable":true,"href":"https:\/\/ringuvos-sm.siauliai.lm.lt\/index.php?rest_route=%2Fwp%2Fv2%2Fcomments&post=9092"}],"version-history":[{"count":9,"href":"https:\/\/ringuvos-sm.siauliai.lm.lt\/index.php?rest_route=\/wp\/v2\/pages\/9092\/revisions"}],"predecessor-version":[{"id":17594,"href":"https:\/\/ringuvos-sm.siauliai.lm.lt\/index.php?rest_route=\/wp\/v2\/pages\/9092\/revisions\/17594"}],"wp:attachment":[{"href":"https:\/\/ringuvos-sm.siauliai.lm.lt\/index.php?rest_route=%2Fwp%2Fv2%2Fmedia&parent=9092"}],"curies":[{"name":"wp","href":"https:\/\/api.w.org\/{rel}","templated":true}]}}